{"id":7938,"date":"2020-01-21T09:54:52","date_gmt":"2020-01-21T14:54:52","guid":{"rendered":"http:\/\/localhost:8081\/appa\/?page_id=7938"},"modified":"2024-10-09T11:13:00","modified_gmt":"2024-10-09T15:13:00","slug":"our-constitution","status":"publish","type":"page","link":"https:\/\/appa.qc.ca\/cssdm\/notre-syndicat\/our-constitution\/","title":{"rendered":"Statuts et r\u00e8glements"},"content":{"rendered":"<div class=\"wpb-content-wrapper\">[vc_row][vc_column width=\u00a0\u00bb1\/2&Prime;][vc_text_separator title=\u00a0\u00bbStatuts et reglements\u00a0\u00bb][vc_column_text]Les <strong>Statuts et r\u00e8glements<\/strong> de l&rsquo;APPA d\u00e9terminent les objectifs du syndicat et le fonctionnement du syndicat.<\/p>\n<p><div class=\"wpfd-single-file pdf\" data-id=\"13188\" data-catid=\"552\">\n    <input type=\"hidden\" class=\"wpfd_file_preview_link_download\" value=\"https:\/\/appa.qc.ca\/cssdm\/download\/552\/statuts-et-reglements\/13188\/statuts-et-reglements-appa-version-2021.pdf\" data-filetitle=\"Statuts et Re\u0300glements APPA - Version 2021\" data-fileicons=\"ext ext-pdf wpfd-icon-set-svg\" \/>\n    <input type=\"hidden\" class=\"wpfd_file_ext\" value=\"pdf\" \/>\n    <div class=\"wpfd-single-file--icon\">\n            <a href=\"https:\/\/appa.qc.ca\/cssdm\/wp-admin\/admin-ajax.php?juwpfisadmin&#x3D;false&amp;action&#x3D;wpfd&amp;task&#x3D;file.download&amp;wpfd_category_id&#x3D;552&amp;wpfd_file_id&#x3D;13188&amp;token&#x3D;&amp;preview&#x3D;1\" alt=\"Statuts et Re\u0300glements APPA - Version 2021\" class=\"wpfdlightbox\" data-file-type=\"pdf\" data-id=\"13188\" data-catid=\"552\" >\n            <div class=\"wpfd-icon-placeholder\" style=\"background-image: url(&quot;https:\/\/appa.qc.ca\/cssdm\/wp-content\/plugins\/wp-file-download\/app\/site\/assets\/icons\/svg\/pdf.svg&quot;);border-radius: 4%;box-shadow: 0px 0px 0px 0px transparent;background-color: #CB0606;border: 0px solid ;background-size: 100%;\"><\/div>\n        <\/a>\n    <\/div>\n\n    <div class=\"wpfd-single-file--details wpfd-file-content\">\n                        <h3 class=\"wpfd-file-content--title\"><a href=\"https:\/\/appa.qc.ca\/cssdm\/download\/552\/statuts-et-reglements\/13188\/statuts-et-reglements-appa-version-2021.pdf\"  style=\"text-decoration: none\">Statuts et Re\u0300glements APPA - Version 2021<\/a><\/h3>\n        <div class=\"wpfd-file-content--meta\">\n                    <div>Taille: 677.73 KB<\/div>\n                    <div>Updated: 09-10-2024<\/div>\n        <\/div>\n    <\/div>\n    <div class=\"wpfd-single-file--buttons\">\n                                <a href=\"https:\/\/appa.qc.ca\/cssdm\/download\/552\/statuts-et-reglements\/13188\/statuts-et-reglements-appa-version-2021.pdf\"   data-id=\"13188\" title=\"Statuts et Re\u0300glements APPA - Version 2021\" class=\"noLightbox wpfd_downloadlink wpfd-single-file-button wpfd-button-download\">\n                    <svg xmlns=\"http:\/\/www.w3.org\/2000\/svg\" width=\"38\" height=\"38\" viewBox=\"0 0 400 400\"><g fill=\"#ffffff\"><path d=\"M400 200c0 112-89 200-201 200C88 400 0 311 0 199S89 0 201 0c111 0 199 89 199 200zm-179-8l-3-1V89c0-15-7-24-18-23-13 1-18 9-18 22v107l-34-35c-8-8-18-11-27-2-8 8-7 18 2 26l63 63c10 11 18 10 28 0l63-62c8-8 10-17 2-27-7-8-17-7-27 2l-31 32zm-21 113h82c13 0 24-4 32-14 10-14 8-29 6-44-1-4-8-9-12-8-5 0-9 6-12 10-2 3-1 8 0 13 1 13-5 17-18 17H131c-25 0-25 0-26-25-1-3 0-6-2-7-3-4-8-8-12-8s-10 5-11 9c-11 30 8 57 40 57h80z\"\/><\/g><\/svg>\n                    <span>T\u00e9l\u00e9charger<\/span>\n                <\/a>\n                    <a href=\"https:\/\/appa.qc.ca\/cssdm\/wp-admin\/admin-ajax.php?juwpfisadmin&#x3D;false&amp;action&#x3D;wpfd&amp;task&#x3D;file.download&amp;wpfd_category_id&#x3D;552&amp;wpfd_file_id&#x3D;13188&amp;token&#x3D;&amp;preview&#x3D;1\"  class=\"wpfd-single-file-button wpfd-button-preview openlink wpfdlightbox\">\n                        <svg xmlns=\"http:\/\/www.w3.org\/2000\/svg\" width=\"38\" height=\"38\" viewBox=\"0 0 400 400\"><g fill=\"#ffffff\"><path d=\"M200 325c-36 0-70-11-101-30a356 356 0 01-92-80c-9-11-9-19 0-29 37-44 79-79 131-99 51-20 102-14 151 12 41 22 76 52 106 89 6 8 7 16 1 23-39 48-85 85-141 105a167 167 0 01-55 9zm0-47c41 0 75-36 75-81s-34-81-75-81c-42 0-75 36-75 81s34 81 75 81z\"\/><path d=\"M200 159c21 0 38 17 38 38 0 20-17 37-38 37s-38-17-38-37c0-21 17-38 38-38z\"\/><\/g><\/svg>\n                        <span>Aper\u00e7u<\/span>\n                    <\/a>\n    <\/div>\n<\/div>\n<div class=\"wpfd-single-file pdf\" data-id=\"13189\" data-catid=\"552\">\n    <input type=\"hidden\" class=\"wpfd_file_preview_link_download\" value=\"https:\/\/appa.qc.ca\/cssdm\/download\/552\/statuts-et-reglements\/13189\/projet-de-modifications-aux-statuts-et-reglements-de-lappa.pdf\" data-filetitle=\"Projet de modifications aux statuts et r\u00e8glements de l\u2019APPA\" data-fileicons=\"ext ext-pdf wpfd-icon-set-svg\" \/>\n    <input type=\"hidden\" class=\"wpfd_file_ext\" value=\"pdf\" \/>\n    <div class=\"wpfd-single-file--icon\">\n            <a href=\"https:\/\/appa.qc.ca\/cssdm\/wp-admin\/admin-ajax.php?juwpfisadmin&#x3D;false&amp;action&#x3D;wpfd&amp;task&#x3D;file.download&amp;wpfd_category_id&#x3D;552&amp;wpfd_file_id&#x3D;13189&amp;token&#x3D;&amp;preview&#x3D;1\" alt=\"Projet de modifications aux statuts et r\u00e8glements de l\u2019APPA\" class=\"wpfdlightbox\" data-file-type=\"pdf\" data-id=\"13189\" data-catid=\"552\" >\n            <div class=\"wpfd-icon-placeholder\" style=\"background-image: url(&quot;https:\/\/appa.qc.ca\/cssdm\/wp-content\/plugins\/wp-file-download\/app\/site\/assets\/icons\/svg\/pdf.svg&quot;);border-radius: 4%;box-shadow: 0px 0px 0px 0px transparent;background-color: #CB0606;border: 0px solid ;background-size: 100%;\"><\/div>\n        <\/a>\n    <\/div>\n\n    <div class=\"wpfd-single-file--details wpfd-file-content\">\n                        <h3 class=\"wpfd-file-content--title\"><a href=\"https:\/\/appa.qc.ca\/cssdm\/download\/552\/statuts-et-reglements\/13189\/projet-de-modifications-aux-statuts-et-reglements-de-lappa.pdf\"  style=\"text-decoration: none\">Projet de modifications aux statuts et r\u00e8glements de l\u2019APPA<\/a><\/h3>\n        <div class=\"wpfd-file-content--meta\">\n                    <div>Taille: 269.62 KB<\/div>\n                    <div>Updated: 09-10-2024<\/div>\n        <\/div>\n    <\/div>\n    <div class=\"wpfd-single-file--buttons\">\n                                <a href=\"https:\/\/appa.qc.ca\/cssdm\/download\/552\/statuts-et-reglements\/13189\/projet-de-modifications-aux-statuts-et-reglements-de-lappa.pdf\"   data-id=\"13189\" title=\"Projet de modifications aux statuts et r\u00e8glements de l\u2019APPA\" class=\"noLightbox wpfd_downloadlink wpfd-single-file-button wpfd-button-download\">\n                    <svg xmlns=\"http:\/\/www.w3.org\/2000\/svg\" width=\"38\" height=\"38\" viewBox=\"0 0 400 400\"><g fill=\"#ffffff\"><path d=\"M400 200c0 112-89 200-201 200C88 400 0 311 0 199S89 0 201 0c111 0 199 89 199 200zm-179-8l-3-1V89c0-15-7-24-18-23-13 1-18 9-18 22v107l-34-35c-8-8-18-11-27-2-8 8-7 18 2 26l63 63c10 11 18 10 28 0l63-62c8-8 10-17 2-27-7-8-17-7-27 2l-31 32zm-21 113h82c13 0 24-4 32-14 10-14 8-29 6-44-1-4-8-9-12-8-5 0-9 6-12 10-2 3-1 8 0 13 1 13-5 17-18 17H131c-25 0-25 0-26-25-1-3 0-6-2-7-3-4-8-8-12-8s-10 5-11 9c-11 30 8 57 40 57h80z\"\/><\/g><\/svg>\n                    <span>T\u00e9l\u00e9charger<\/span>\n                <\/a>\n                    <a href=\"https:\/\/appa.qc.ca\/cssdm\/wp-admin\/admin-ajax.php?juwpfisadmin&#x3D;false&amp;action&#x3D;wpfd&amp;task&#x3D;file.download&amp;wpfd_category_id&#x3D;552&amp;wpfd_file_id&#x3D;13189&amp;token&#x3D;&amp;preview&#x3D;1\"  class=\"wpfd-single-file-button wpfd-button-preview openlink wpfdlightbox\">\n                        <svg xmlns=\"http:\/\/www.w3.org\/2000\/svg\" width=\"38\" height=\"38\" viewBox=\"0 0 400 400\"><g fill=\"#ffffff\"><path d=\"M200 325c-36 0-70-11-101-30a356 356 0 01-92-80c-9-11-9-19 0-29 37-44 79-79 131-99 51-20 102-14 151 12 41 22 76 52 106 89 6 8 7 16 1 23-39 48-85 85-141 105a167 167 0 01-55 9zm0-47c41 0 75-36 75-81s-34-81-75-81c-42 0-75 36-75 81s34 81 75 81z\"\/><path d=\"M200 159c21 0 38 17 38 38 0 20-17 37-38 37s-38-17-38-37c0-21 17-38 38-38z\"\/><\/g><\/svg>\n                        <span>Aper\u00e7u<\/span>\n                    <\/a>\n    <\/div>\n<\/div>\n<\/p>\n<p>&nbsp;[\/vc_column_text][\/vc_column][vc_column width=\u00a0\u00bb1\/2&Prime;][vc_text_separator title=\u00a0\u00bbR\u00e8glements internes\u00a0\u00bb][vc_column_text]Les <strong>R\u00e8glements internes<\/strong> d\u00e9finissent les proc\u00e9dures \u00e0 suivre pour le fonctionnement administratif et l&rsquo;organisation de l&rsquo;APPA.[\/vc_column_text][\/vc_column][\/vc_row][vc_row][vc_column][vc_column_text]\n[\/vc_column_text][\/vc_column][\/vc_row]\n<\/div>","protected":false},"excerpt":{"rendered":"<p>[vc_row][vc_column width=\u00a0\u00bb1\/2&Prime;][vc_text_separator title=\u00a0\u00bbStatuts et reglements\u00a0\u00bb][vc_column_text]Les Statuts et r\u00e8glements de l&rsquo;APPA d\u00e9terminent les objectifs du syndicat et le fonctionnement du syndicat. Statuts et Re\u0300glements APPA &#8211; Version 2021 Taille: 677.73 KB [&hellip;]<\/p>\n","protected":false},"author":20,"featured_media":0,"parent":8434,"menu_order":0,"comment_status":"closed","ping_status":"closed","template":"","meta":{"ngg_post_thumbnail":0,"footnotes":""},"class_list":["post-7938","page","type-page","status-publish","hentry"],"_links":{"self":[{"href":"https:\/\/appa.qc.ca\/cssdm\/wp-json\/wp\/v2\/pages\/7938","targetHints":{"allow":["GET"]}}],"collection":[{"href":"https:\/\/appa.qc.ca\/cssdm\/wp-json\/wp\/v2\/pages"}],"about":[{"href":"https:\/\/appa.qc.ca\/cssdm\/wp-json\/wp\/v2\/types\/page"}],"author":[{"embeddable":true,"href":"https:\/\/appa.qc.ca\/cssdm\/wp-json\/wp\/v2\/users\/20"}],"replies":[{"embeddable":true,"href":"https:\/\/appa.qc.ca\/cssdm\/wp-json\/wp\/v2\/comments?post=7938"}],"version-history":[{"count":8,"href":"https:\/\/appa.qc.ca\/cssdm\/wp-json\/wp\/v2\/pages\/7938\/revisions"}],"predecessor-version":[{"id":13191,"href":"https:\/\/appa.qc.ca\/cssdm\/wp-json\/wp\/v2\/pages\/7938\/revisions\/13191"}],"up":[{"embeddable":true,"href":"https:\/\/appa.qc.ca\/cssdm\/wp-json\/wp\/v2\/pages\/8434"}],"wp:attachment":[{"href":"https:\/\/appa.qc.ca\/cssdm\/wp-json\/wp\/v2\/media?parent=7938"}],"curies":[{"name":"wp","href":"https:\/\/api.w.org\/{rel}","templated":true}]}}