{"id":8065,"date":"2020-01-23T11:26:02","date_gmt":"2020-01-23T16:26:02","guid":{"rendered":"http:\/\/localhost:8081\/appa\/?page_id=8065"},"modified":"2024-10-09T16:00:18","modified_gmt":"2024-10-09T20:00:18","slug":"partenaires","status":"publish","type":"page","link":"https:\/\/appa.qc.ca\/cssdm\/membres\/partenaires\/","title":{"rendered":"Nos partenaires"},"content":{"rendered":"<div class=\"wpb-content-wrapper\">[vc_row][vc_column width=\u00a0\u00bb1\/2&Prime;][vc_column_text]<img loading=\"lazy\" decoding=\"async\" class=\"size-full wp-image-8084 alignnone\" src=\"http:\/\/localhost:8081\/appa\/wp-content\/uploads\/2020\/01\/fondaction-logo.png\" alt=\"\" width=\"406\" height=\"124\" srcset=\"https:\/\/appa.qc.ca\/cssdm\/wp-content\/uploads\/2020\/01\/fondaction-logo.png 406w, https:\/\/appa.qc.ca\/cssdm\/wp-content\/uploads\/2020\/01\/fondaction-logo-300x92.png 300w, https:\/\/appa.qc.ca\/cssdm\/wp-content\/uploads\/2020\/01\/fondaction-logo-82x25.png 82w, https:\/\/appa.qc.ca\/cssdm\/wp-content\/uploads\/2020\/01\/fondaction-logo-100x31.png 100w, https:\/\/appa.qc.ca\/cssdm\/wp-content\/uploads\/2020\/01\/fondaction-logo-156x48.png 156w\" sizes=\"auto, (max-width: 406px) 100vw, 406px\" \/>[\/vc_column_text][vc_column_text]Fond\u00e9 \u00e0 l&rsquo;initiative de la CSN, Fondaction aide les Qu\u00e9b\u00e9cois \u00e0 pr\u00e9parer leur retraite en leur offrant un REER accessible donnant droit \u00e0 des cr\u00e9dits d&rsquo;imp\u00f4t de 30 %. L&rsquo;\u00e9pargne amass\u00e9e est investie dans des petites et moyennes entreprises locales afin de cr\u00e9er et de maintenir des emplois de qualit\u00e9 tout en contribuant \u00e0 une \u00e9conomie plus efficace, plus juste et plus verte au Qu\u00e9bec.[\/vc_column_text][\/vc_column][vc_column width=\u00a0\u00bb1\/2&Prime;][vc_column_text]<div class=\"su-box su-box-style-default\" id=\"\" style=\"border-color:#003000;border-radius:3px;\"><div class=\"su-box-title\" style=\"background-color:#00630e;color:#FFFFFF;border-top-left-radius:1px;border-top-right-radius:1px\">Repr\u00e9sentant r\u00e9gional Fondaction<\/div><div class=\"su-box-content su-u-clearfix su-u-trim\" style=\"border-bottom-left-radius:1px;border-bottom-right-radius:1px\">\n<p><strong><span style=\"color: #000000; font-size: 12pt;\"><img loading=\"lazy\" decoding=\"async\" class=\"wp-image-8111 size-full alignleft\" style=\"margin-bottom: 65px;\" src=\"https:\/\/appa.qc.ca\/emsb\/wp-content\/uploads\/2020\/01\/fondaction-thumb-e1579814406267.png\" alt=\"\" width=\"75\" height=\"75\" srcset=\"https:\/\/appa.qc.ca\/cssdm\/wp-content\/uploads\/2020\/01\/fondaction-thumb-e1579814406267.png 75w, https:\/\/appa.qc.ca\/cssdm\/wp-content\/uploads\/2020\/01\/fondaction-thumb-e1579814406267-45x45.png 45w\" sizes=\"auto, (max-width: 75px) 100vw, 75px\" \/>Mauricio Gonzalez<br \/>\n<\/span><\/strong>Conseiller au d\u00e9veloppement des affaires<br \/>\n2175, boul. de Maisonneuve est., bur. 103<br \/>\nMontreal (Qu\u00e9bec) H2K 4S3<br \/>\nOffice : 514-525-5505 poste :1203<br \/>\nMobile: 438-860-9208<br \/>\n<span style=\"color: #3366ff;\"><a style=\"color: #3366ff;\" href=\"mailto:mauricio.gonzalez@fondaction.com\">mauricio.gonzalez@fondaction.com<\/a><\/span><\/p>\n<\/div><\/div>[\/vc_column_text][\/vc_column][\/vc_row][vc_row][vc_column][vc_column_text]<div class=\"wpfd-content wpfd-content-default wpfd-content-category-normal wpfd-content-without-download-selected wpfd-content-multi\" data-category=\"611\"             style=\"background-color: rgba(255, 255, 255, 0)\"><input type=\"hidden\" id=\"current_category_611\" value=\"611\" \/>                    <input type=\"hidden\" id=\"current_category_slug_611\" value=\"fondaction\" \/>                    <input type=\"hidden\" id=\"current_ordering_611\" value=\"title\" \/>                    <input type=\"hidden\" id=\"current_ordering_direction_611\" value=\"desc\" \/>                    <input type=\"hidden\" id=\"page_limit_611\" value=\"10\" \/><input type=\"hidden\" id=\"wpfd_display_empty_category_message\" value=\"0\" \/><input type=\"hidden\" id=\"wpfd_empty_category_message_val\" value=\"This file category has no files to display\" \/><input type=\"hidden\" id=\"wpfd_display_empty_folder\" value=\"1\" \/><input type=\"hidden\" id=\"wpfd_is_empty_subcategories\" value=\"1\" \/><input type=\"hidden\" id=\"wpfd_is_empty_files\" value=\"1\" \/><input type=\"hidden\" id=\"wpfd_root_category_id\" class=\"wpfd_root_category_id\" value=\"611\" \/><input type=\"hidden\" id=\"wpfd_root_category_theme\" class=\"wpfd_root_category_theme\" value=\"default\" \/><input type=\"hidden\" id=\"wpfd_root_category_clone_theme_type\" class=\"wpfd_root_category_clone_theme_type\" value=\"none\" \/><input type=\"hidden\" id=\"wpfd_root_category_type\" class=\"wpfd_root_category_type\" value=\"611\" \/><input type=\"hidden\" id=\"wpfd_category_notify_file_changes\" class=\"wpfd_category_notify_file_changes\" value=\"0\" \/><input type=\"hidden\" id=\"wpfd_global_notify_file_changes\" class=\"wpfd_global_notify_file_changes\" value=\"0\" \/><input type=\"hidden\" id=\"wpfd_download_selected\" class=\"wpfd_download_selected\" value=\"0\" \/><input type=\"hidden\" id=\"wpfd_user_login\" class=\"wpfd_user_login\" value=\"0\" \/><div class=\"wpfd-content-header-section\"><\/div>    <script type=\"text\/x-handlebars-template\" class=\"wpfd-template-files\">        {{#if files }}        <div class=\"wpfd_list\">            {{#each files}}            <div class=\"file {{ext}}\" style=\"margin : 5px 5px 5px 0px;\" data-id=\"{{ID}}\" data-catid=\"{{catid}}\">                <input type=\"hidden\" class=\"wpfd_file_preview_link_download\" value=\"{{linkdownload}}\" data-filetitle=\"{{post_title}}\" data-fileicons=\"ext ext-{{ext}} wpfd-icon-set-svg\" \/>                <div class=\"filecontent\">                    {{#if file_custom_icon}}                    <div class=\"icon-custom\"><img src=\"{{file_custom_icon}}\" \/><\/div>                    {{else}}                    <div class=\"ext ext-{{ext}} wpfd-icon-set-svg\"><span class=\"txt\">{{ext}}<\/span><\/div>                    {{\/if}}<h3><a href=\"{{linkdownload}}\"   class=\"wpfd_downloadlink\" title=\"{{post_title}}\" target=\"{{#if remote_file}}_blank{{\/if}}\">{{{crop_title}}}<\/a><\/h3>                    <div class=\"file-xinfo\">                        <div class=\"file-dated\"><span>Date d&#039;ajout:<\/span> {{created}}<\/div>                    <\/div>                <\/div>                <span class=\"file-right\">                    <a class=\"downloadlink wpfd_downloadlink\"  href=\"{{linkdownload}}\"  style=\"background-color:#0051ff;color:#ffffff;\" target=\"{{#if remote_file}}_blank{{\/if}}\">T\u00e9l\u00e9charger<i class=\"zmdi zmdi-cloud-download wpfd-download\"><\/i><\/a>{{#if openpdflink}}<a class=\"openlink wpfdlightbox wpfd_previewlink\" href=\"{{openpdflink}}\"  target=\"\">Aper\u00e7u                            <i class=\"zmdi zmdi-filter-center-focus wpfd-preview\"><\/i>                        <\/a>{{else}}{{#if viewerlink}}<a                            href=\"{{viewerlink}}\"                                                        class=\"openlink wpfdlightbox wpfd_previewlink\"                            target=\"\"                            data-id=\"{{ID}}\"                            data-catid=\"{{catid}}\"                            data-file-type=\"{{ext}}\">Aper\u00e7u<i class=\"zmdi zmdi-filter-center-focus wpfd-preview\"><\/i>                        <\/a>{{\/if}}{{\/if}}                <\/span>            <\/div>            {{\/each}}            <div class=\"file flex_span\" style=\"margin : 5px 5px 5px 0px;\"><\/div>        <\/div>        {{\/if}}    <\/script>    <div class=\"wpfd-container\">                <div class=\"wpfd-open-tree\"><\/div>        <div class=\"wpfd-container-default \">            <div class=\"wpfd-categories hide\"><div class=\"wpfd-category-desc\"><\/div><\/div>                            <div class=\"wpfd_list\">                                                                        <div class=\"file pdf\" style=\"margin : 5px 5px 5px 0px;\"                                 data-id=\"11747\"                                 data-catid=\"611\">                                                                <input type=\"hidden\" class=\"wpfd_file_preview_link_download\" value=\"https:\/\/appa.qc.ca\/cssdm\/download\/611\/fondaction\/11747\/sommaire-du-fonds-fondaction.pdf\"                                       data-filetitle=\"Sommaire du Fonds - Fondaction\" data-fileicons=\"ext ext-pdf wpfd-icon-set-svg\" \/>                                <div class=\"filecontent\">                                    <div class=\"ext ext-pdf wpfd-icon-set-svg\"><span class=\"txt\">pdf<\/span><\/div><h3><a href=\"https:\/\/appa.qc.ca\/cssdm\/download\/611\/fondaction\/11747\/sommaire-du-fonds-fondaction.pdf\"   class=\"wpfd_downloadlink\" title=\"Sommaire du Fonds - Fondaction\" target=\"\">Sommaire du Fonds - Fondaction<\/a><\/h3>                                    <div class=\"file-xinfo\">                                        <div class=\"file-dated\"><span>Date d&#039;ajout:<\/span> 30-01-2023<\/div>                                    <\/div>                                <\/div>                                <div class=\"file-right\">                                    <a class=\"downloadlink wpfd_downloadlink\"  href=\"https:\/\/appa.qc.ca\/cssdm\/download\/611\/fondaction\/11747\/sommaire-du-fonds-fondaction.pdf\"  style=\"background-color:#0051ff;color:#ffffff;\" target=\"\">T\u00e9l\u00e9charger<i class=\"zmdi zmdi-cloud-download wpfd-download\"><\/i><\/a><a class=\"openlink wpfdlightbox wpfd_previewlink\" href=\"https:\/\/appa.qc.ca\/cssdm\/wp-admin\/admin-ajax.php?juwpfisadmin=false&#038;action=wpfd&#038;task=file.download&#038;wpfd_category_id=611&#038;wpfd_file_id=11747&#038;token=&#038;preview=1\"  target=\"\">Aper\u00e7u                            <i class=\"zmdi zmdi-filter-center-focus wpfd-preview\"><\/i>                        <\/a>                                <\/div>                            <\/div>                                                                                                <div class=\"file pdf\" style=\"margin : 5px 5px 5px 0px;\"                                 data-id=\"11748\"                                 data-catid=\"611\">                                                                <input type=\"hidden\" class=\"wpfd_file_preview_link_download\" value=\"https:\/\/appa.qc.ca\/cssdm\/download\/611\/fondaction\/11748\/exemples-de-cotisation-au-reer-fondaction.pdf\"                                       data-filetitle=\"Exemples de cotisation au REER Fondaction\" data-fileicons=\"ext ext-pdf wpfd-icon-set-svg\" \/>                                <div class=\"filecontent\">                                    <div class=\"ext ext-pdf wpfd-icon-set-svg\"><span class=\"txt\">pdf<\/span><\/div><h3><a href=\"https:\/\/appa.qc.ca\/cssdm\/download\/611\/fondaction\/11748\/exemples-de-cotisation-au-reer-fondaction.pdf\"   class=\"wpfd_downloadlink\" title=\"Exemples de cotisation au REER Fondaction\" target=\"\">Exemples de cotisation au REER Fondaction<\/a><\/h3>                                    <div class=\"file-xinfo\">                                        <div class=\"file-dated\"><span>Date d&#039;ajout:<\/span> 30-01-2023<\/div>                                    <\/div>                                <\/div>                                <div class=\"file-right\">                                    <a class=\"downloadlink wpfd_downloadlink\"  href=\"https:\/\/appa.qc.ca\/cssdm\/download\/611\/fondaction\/11748\/exemples-de-cotisation-au-reer-fondaction.pdf\"  style=\"background-color:#0051ff;color:#ffffff;\" target=\"\">T\u00e9l\u00e9charger<i class=\"zmdi zmdi-cloud-download wpfd-download\"><\/i><\/a><a class=\"openlink wpfdlightbox wpfd_previewlink\" href=\"https:\/\/appa.qc.ca\/cssdm\/wp-admin\/admin-ajax.php?juwpfisadmin=false&#038;action=wpfd&#038;task=file.download&#038;wpfd_category_id=611&#038;wpfd_file_id=11748&#038;token=&#038;preview=1\"  target=\"\">Aper\u00e7u                            <i class=\"zmdi zmdi-filter-center-focus wpfd-preview\"><\/i>                        <\/a>                                <\/div>                            <\/div>                                                                                                <div class=\"file pdf\" style=\"margin : 5px 5px 5px 0px;\"                                 data-id=\"11749\"                                 data-catid=\"611\">                                                                <input type=\"hidden\" class=\"wpfd_file_preview_link_download\" value=\"https:\/\/appa.qc.ca\/cssdm\/download\/611\/fondaction\/11749\/depliant-plus-quun-reer-fondaction.pdf\"                                       data-filetitle=\"Depliant Plus qu\u2019un REER - Fondaction\" data-fileicons=\"ext ext-pdf wpfd-icon-set-svg\" \/>                                <div class=\"filecontent\">                                    <div class=\"ext ext-pdf wpfd-icon-set-svg\"><span class=\"txt\">pdf<\/span><\/div><h3><a href=\"https:\/\/appa.qc.ca\/cssdm\/download\/611\/fondaction\/11749\/depliant-plus-quun-reer-fondaction.pdf\"   class=\"wpfd_downloadlink\" title=\"Depliant Plus qu\u2019un REER - Fondaction\" target=\"\">Depliant Plus qu\u2019un REER - Fondaction<\/a><\/h3>                                    <div class=\"file-xinfo\">                                        <div class=\"file-dated\"><span>Date d&#039;ajout:<\/span> 30-01-2023<\/div>                                    <\/div>                                <\/div>                                <div class=\"file-right\">                                    <a class=\"downloadlink wpfd_downloadlink\"  href=\"https:\/\/appa.qc.ca\/cssdm\/download\/611\/fondaction\/11749\/depliant-plus-quun-reer-fondaction.pdf\"  style=\"background-color:#0051ff;color:#ffffff;\" target=\"\">T\u00e9l\u00e9charger<i class=\"zmdi zmdi-cloud-download wpfd-download\"><\/i><\/a><a class=\"openlink wpfdlightbox wpfd_previewlink\" href=\"https:\/\/appa.qc.ca\/cssdm\/wp-admin\/admin-ajax.php?juwpfisadmin=false&#038;action=wpfd&#038;task=file.download&#038;wpfd_category_id=611&#038;wpfd_file_id=11749&#038;token=&#038;preview=1\"  target=\"\">Aper\u00e7u                            <i class=\"zmdi zmdi-filter-center-focus wpfd-preview\"><\/i>                        <\/a>                                <\/div>                            <\/div>                                                                <div class=\"file flex_span\" style=\"margin : 5px 5px 5px 0px;\"><\/div>                <\/div>                                <\/div>    <\/div><\/div>[\/vc_column_text][\/vc_column][\/vc_row]\n<\/div>","protected":false},"excerpt":{"rendered":"<p>[vc_row][vc_column width=\u00a0\u00bb1\/2&Prime;][vc_column_text][\/vc_column_text][vc_column_text]Fond\u00e9 \u00e0 l&rsquo;initiative de la CSN, Fondaction aide les Qu\u00e9b\u00e9cois \u00e0 pr\u00e9parer leur retraite en leur offrant un REER accessible donnant droit \u00e0 des cr\u00e9dits d&rsquo;imp\u00f4t de 30 %. [&hellip;]<\/p>\n","protected":false},"author":20,"featured_media":0,"parent":8430,"menu_order":0,"comment_status":"closed","ping_status":"closed","template":"","meta":{"ngg_post_thumbnail":0,"footnotes":""},"class_list":["post-8065","page","type-page","status-publish","hentry"],"_links":{"self":[{"href":"https:\/\/appa.qc.ca\/cssdm\/wp-json\/wp\/v2\/pages\/8065","targetHints":{"allow":["GET"]}}],"collection":[{"href":"https:\/\/appa.qc.ca\/cssdm\/wp-json\/wp\/v2\/pages"}],"about":[{"href":"https:\/\/appa.qc.ca\/cssdm\/wp-json\/wp\/v2\/types\/page"}],"author":[{"embeddable":true,"href":"https:\/\/appa.qc.ca\/cssdm\/wp-json\/wp\/v2\/users\/20"}],"replies":[{"embeddable":true,"href":"https:\/\/appa.qc.ca\/cssdm\/wp-json\/wp\/v2\/comments?post=8065"}],"version-history":[{"count":10,"href":"https:\/\/appa.qc.ca\/cssdm\/wp-json\/wp\/v2\/pages\/8065\/revisions"}],"predecessor-version":[{"id":13199,"href":"https:\/\/appa.qc.ca\/cssdm\/wp-json\/wp\/v2\/pages\/8065\/revisions\/13199"}],"up":[{"embeddable":true,"href":"https:\/\/appa.qc.ca\/cssdm\/wp-json\/wp\/v2\/pages\/8430"}],"wp:attachment":[{"href":"https:\/\/appa.qc.ca\/cssdm\/wp-json\/wp\/v2\/media?parent=8065"}],"curies":[{"name":"wp","href":"https:\/\/api.w.org\/{rel}","templated":true}]}}