{"id":8535,"date":"2024-03-20T19:00:24","date_gmt":"2024-03-20T23:00:24","guid":{"rendered":"http:\/\/localhost:8081\/appa\/?page_id=409"},"modified":"2024-04-15T14:26:21","modified_gmt":"2024-04-15T18:26:21","slug":"colloque","status":"publish","type":"page","link":"https:\/\/appa.qc.ca\/cssdm\/colloque\/","title":{"rendered":"Ph\u00e9nix | 21e colloque de l&rsquo;APPA (18 \u00e0 20 avr, 2024)"},"content":{"rendered":"<div class=\"wpb-content-wrapper\">[vc_row full_width=\u00a0\u00bbstretch_row_content\u00a0\u00bb content_placement=\u00a0\u00bbtop\u00a0\u00bb][vc_column css=\u00a0\u00bb.vc_custom_1624458884489{margin-top: 0px !important;margin-bottom: 0px !important;margin-left: 17% !important;}\u00a0\u00bb offset=\u00a0\u00bbvc_hidden-xs\u00a0\u00bb][vc_wp_custommenu nav_menu=\u00a0\u00bb578&Prime; el_class=\u00a0\u00bb.menu-custom-container\u00a0\u00bb][\/vc_column][\/vc_row][vc_row full_width=\u00a0\u00bbstretch_row_content\u00a0\u00bb css=\u00a0\u00bb.vc_custom_1710892606907{background: #000000 url(https:\/\/appa.qc.ca\/cssdm\/wp-content\/uploads\/2024\/03\/phoenix-banner-1.jpg?id=12996) !important;background-position: center !important;background-repeat: no-repeat !important;background-size: cover !important;}\u00a0\u00bb][vc_column][vc_column_text css=\u00a0\u00bb.vc_custom_1710875907811{background-color: rgba(0,0,0,0.51) !important;*background-color: rgb(0,0,0) !important;border-radius: 10px !important;}\u00a0\u00bb]\n<div style=\"margin: 8rem 0px 0.7rem; padding: 2em;\">\n<h1 style=\"margin: 0px 0.7rem; line-height: 1; text-align: center; font-size: 6rem; font-weight: bold;\"><span style=\"color: #ffffff;\">PH\u00c9NIX 2024<\/span><\/h1>\n<h2 style=\"margin-bottom: 2rem; text-align: center; font-size: 3.5rem; font-weight: 200; line-height: 1.6;\"><strong><span style=\"color: #ffffff;\">21<sup>e<\/sup> Colloque APPA<br \/>\nLe 18 au 20 avril, 2024 <\/span><\/strong><\/h2>\n<\/div>\n[\/vc_column_text][vc_empty_space height=\u00a0\u00bb50px\u00a0\u00bb][\/vc_column][\/vc_row][vc_row full_width=\u00a0\u00bbstretch_row_content\u00a0\u00bb css=\u00a0\u00bb.vc_custom_1710888590126{margin-right: 0px !important;margin-left: 0px !important;background-color: #3fb6d7 !important;}\u00a0\u00bb][vc_column][vc_row_inner css=\u00a0\u00bb.vc_custom_1614717994620{margin-right: 50px !important;margin-left: 50px !important;}\u00a0\u00bb][vc_column_inner width=\u00a0\u00bb1\/2&Prime; css=\u00a0\u00bb.vc_custom_1710955419404{padding-right: 5% !important;padding-left: 5% !important;}\u00a0\u00bb][vc_column_text]\n<h1 style=\"text-align: center;\"><strong><span style=\"color: #ffffff;\">JEUDI LE 18 ET VENDREDI LE 19 AVRIL<\/span><\/strong><\/h1>\n<h3 style=\"text-align: center;\"><span style=\"color: #ffffff;\">SECTEUR G\u00c9N\u00c9RAL ET DE L&rsquo;ADAPTATION SCOLAIRE<\/span><\/h3>\n<h2><strong><div class=\"su-button-center\"><a href=\"https:\/\/appa.qc.ca\/cssdm\/colloque\/transport\/\" class=\"su-button su-button-style-flat su-button-wide\" style=\"color:#000000;background-color:#ffffff;border-color:#cccccc;border-radius:5px\" target=\"_blank\" rel=\"noopener noreferrer\"><span style=\"color:#000000;padding:0px 24px;font-size:18px;line-height:36px;border-color:#ffffff;border-radius:5px;text-shadow:none\"> Horaires et lieux de d\u00e9part des autobus<\/span><\/a><\/div><\/strong><\/h2>\n<h2><strong><div class=\"su-button-center\"><a href=\"https:\/\/appa.qc.ca\/cssdm\/colloque\/programmation\/\" class=\"su-button su-button-style-flat su-button-wide\" style=\"color:#000000;background-color:#ffffff;border-color:#cccccc;border-radius:5px\" target=\"_blank\" rel=\"noopener noreferrer\"><span style=\"color:#000000;padding:0px 24px;font-size:18px;line-height:36px;border-color:#ffffff;border-radius:5px;text-shadow:none\"> Cliquez ici pour la programmation<\/span><\/a><\/div><\/strong><\/h2>\n<h2><strong><div class=\"su-button-center\"><a href=\"https:\/\/appa.qc.ca\/cssdm\/colloque\/ateliers-gad\/\" class=\"su-button su-button-style-flat su-button-wide\" style=\"color:#000000;background-color:#ffffff;border-color:#cccccc;border-radius:5px\" target=\"_blank\" rel=\"noopener noreferrer\"><span style=\"color:#000000;padding:0px 24px;font-size:18px;line-height:36px;border-color:#ffffff;border-radius:5px;text-shadow:none\"> Cliquez pour les descriptions des ateliers de 18 et 19 avril<\/span><\/a><\/div><\/strong><\/h2>\n[\/vc_column_text][\/vc_column_inner][vc_column_inner width=\u00a0\u00bb1\/2&Prime; css=\u00a0\u00bb.vc_custom_1710955442690{padding-right: 5% !important;padding-left: 5% !important;}\u00a0\u00bb][vc_column_text]\n<h1 style=\"text-align: center;\"><strong><span style=\"color: #ffffff;\">SAMEDI LE 20 AVRIL<\/span><\/strong><\/h1>\n<h3 style=\"text-align: center;\"><span style=\"color: #ffffff;\">SECTEUR SERVICES DE GARDE<\/span><\/h3>\n[\/vc_column_text][vc_column_text]\n<h2><strong><div class=\"su-button-center\"><a href=\"https:\/\/appa.qc.ca\/cssdm\/colloque\/transport\/\" class=\"su-button su-button-style-flat su-button-wide\" style=\"color:#000000;background-color:#ffffff;border-color:#cccccc;border-radius:5px\" target=\"_blank\" rel=\"noopener noreferrer\"><span style=\"color:#000000;padding:0px 24px;font-size:18px;line-height:36px;border-color:#ffffff;border-radius:5px;text-shadow:none\"> Horaires et lieux de d\u00e9part des autobus<\/span><\/a><\/div><\/strong><\/h2>\n<h2><strong><div class=\"su-button-center\"><a href=\"https:\/\/appa.qc.ca\/cssdm\/colloque\/programmation\/\" class=\"su-button su-button-style-flat su-button-wide\" style=\"color:#000000;background-color:#ffffff;border-color:#cccccc;border-radius:5px\" target=\"_blank\" rel=\"noopener noreferrer\"><span style=\"color:#000000;padding:0px 24px;font-size:18px;line-height:36px;border-color:#ffffff;border-radius:5px;text-shadow:none\"> Cliquez ici pour la programmation<\/span><\/a><\/div><\/strong><\/h2>\n<h2><strong><div class=\"su-button-center\"><a href=\"https:\/\/appa.qc.ca\/cssdm\/colloque\/ateliers-sdg\/\" class=\"su-button su-button-style-flat su-button-wide\" style=\"color:#000000;background-color:#ffffff;border-color:#cccccc;border-radius:5px\" target=\"_blank\" rel=\"noopener noreferrer\"><span style=\"color:#000000;padding:0px 24px;font-size:18px;line-height:36px;border-color:#ffffff;border-radius:5px;text-shadow:none\"> Cliquez pour les descriptions des ateliers de 20 avril<\/span><\/a><\/div><\/strong><\/h2>\n<p>&nbsp;<\/p>\n<h3>&nbsp;<\/h3>\n[\/vc_column_text][\/vc_column_inner][\/vc_row_inner][vc_empty_space height=\u00a0\u00bb50px\u00a0\u00bb][vc_row_inner disable_element=\u00a0\u00bbyes\u00a0\u00bb][vc_column_inner][vc_cta h2=\u00a0\u00bb\u00a0\u00bb txt_align=\u00a0\u00bbcenter\u00a0\u00bb style=\u00a0\u00bbcustom\u00a0\u00bb custom_text=\u00a0\u00bb#ffffff\u00a0\u00bb css=\u00a0\u00bb.vc_custom_1710974399163{background-color: rgba(0,0,0,0.01) !important;*background-color: rgb(0,0,0) !important;border-radius: 10px !important;}\u00a0\u00bb]\n<h2><a style=\"color: #ffffff;\" href=\"https:\/\/colloque.appa.qc.ca\/console\/inscriptions.php\"><strong>Cliquez pour vous inscrire maintenant<\/strong><\/a><\/h2>\n[\/vc_cta][vc_cta h2=\u00a0\u00bb\u00a0\u00bb txt_align=\u00a0\u00bbcenter\u00a0\u00bb style=\u00a0\u00bbcustom\u00a0\u00bb custom_text=\u00a0\u00bb#ffffff\u00a0\u00bb css=\u00a0\u00bb.vc_custom_1710974434918{background-color: rgba(0,0,0,0.01) !important;*background-color: rgb(0,0,0) !important;border-radius: 10px !important;}\u00a0\u00bb]\n<h2><a style=\"color: #ffffff;\" href=\"https:\/\/colloque.appa.qc.ca\/console2\/inscriptions.php\"><strong>Cliquez pour vous inscrire maintenant<\/strong><\/a><\/h2>\n[\/vc_cta][\/vc_column_inner][\/vc_row_inner][\/vc_column][\/vc_row][vc_row][vc_column][vc_column_text]\n<h2 style=\"text-align: center;\">Ph\u00e9nix, le premier colloque de l\u2019APPA depuis 2019, est une c\u00e9l\u00e9bration de notre r\u00e9silience collective, de notre d\u00e9vouement et de notre engagement ind\u00e9fectible envers l\u2019excellence en tant que personnel de soutien scolaire. C\u2019est une occasion non seulement d\u2019apprendre, mais aussi de renforcer les liens et d\u2019\u00e9changer des id\u00e9es.<\/h2>\n<h2 style=\"text-align: center;\">Dans le cadre pittoresque des Laurentides, le congr\u00e8s aura lieu au <a href=\"https:\/\/manoir-saint-sauveur.com\/fr\">Manoir St-Sauveur<\/a>.<\/h2>\n<h2 style=\"text-align: center; line-height: 1.5em;\">&nbsp;Vous serez invit\u00e9 \u00e0 participer \u00e0 des ateliers et conf\u00e9rences qui vous aideront \u00e0 trouver des solutions pour mieux faire face \u00e0 votre travail au quotidien.<\/h2>\n[\/vc_column_text][vc_empty_space height=\u00a0\u00bb100px\u00a0\u00bb][\/vc_column][\/vc_row][vc_row full_width=\u00a0\u00bbstretch_row_content\u00a0\u00bb css=\u00a0\u00bb.vc_custom_1710958029792{background: #000000 url(https:\/\/appa.qc.ca\/cssdm\/wp-content\/uploads\/2024\/03\/manoir.jpg?id=13011) !important;background-position: center !important;background-repeat: no-repeat !important;background-size: cover !important;}\u00a0\u00bb][vc_column parallax=\u00a0\u00bbcontent-moving\u00a0\u00bb parallax_speed_bg=\u00a0\u00bb2&Prime;][vc_column_text css=\u00a0\u00bb.vc_custom_1710958187913{background-color: rgba(0,0,0,0.51) !important;*background-color: rgb(0,0,0) !important;border-radius: 10px !important;}\u00a0\u00bb]\n<div style=\"margin: 5rem 0px 0.7rem; padding: 2em;\">\n<h1 style=\"margin: 0px 0.7rem; line-height: 1; text-align: center; font-size: 2rem; font-weight: bold;\"><span style=\"color: #ffffff;\">Lieu du colloque 2024<\/span><\/h1>\n<h1 style=\"margin: 0px 0.7rem; line-height: 1; text-align: center; font-size: 5rem; font-weight: bold;\"><span style=\"color: #ffffff;\">Manoir Saint-Sauveur<\/span><\/h1>\n<h2 style=\"margin-bottom: 2rem; text-align: center; font-size: 2rem; font-weight: 200; line-height: 1.6;\"><strong><span style=\"color: #ffffff;\">246 Chem. du Lac-Millette<br \/>\nSaint-Sauveur, QC J0R 1R3<\/span><\/strong><\/h2>\n<\/div>\n[\/vc_column_text][vc_empty_space height=\u00a0\u00bb30px\u00a0\u00bb][\/vc_column][\/vc_row][vc_row][vc_column][vc_empty_space height=\u00a0\u00bb50px\u00a0\u00bb][vc_single_image image=\u00a0\u00bb9372&Prime; img_size=\u00a0\u00bbmedium\u00a0\u00bb alignment=\u00a0\u00bbcenter\u00a0\u00bb style=\u00a0\u00bbvc_box_border\u00a0\u00bb border_color=\u00a0\u00bbwhite\u00a0\u00bb onclick=\u00a0\u00bbcustom_link\u00a0\u00bb img_link_target=\u00a0\u00bb_blank\u00a0\u00bb link=\u00a0\u00bbhttp:\/\/appa.qc.ca\/cssdm\u00a0\u00bb][\/vc_column][\/vc_row]\n<\/div>","protected":false},"excerpt":{"rendered":"<p>Conform\u00e9ment \u00e0 la tradition, l&rsquo;APPA,\u00a0 vous pr\u00e9sente notre congr\u00e8s biennal sous le th\u00e8me \u00ab Ph\u00e9nix \u00bb. Vous serez invit\u00e9 \u00e0 participer \u00e0 des ateliers et conf\u00e9rences qui vous aideront \u00e0 trouver des solutions pour mieux faire face \u00e0 votre travail au quotidien.<\/p>\n","protected":false},"author":20,"featured_media":12928,"parent":0,"menu_order":0,"comment_status":"closed","ping_status":"closed","template":"","meta":{"ngg_post_thumbnail":0,"footnotes":""},"class_list":["post-8535","page","type-page","status-publish","has-post-thumbnail","hentry"],"_links":{"self":[{"href":"https:\/\/appa.qc.ca\/cssdm\/wp-json\/wp\/v2\/pages\/8535","targetHints":{"allow":["GET"]}}],"collection":[{"href":"https:\/\/appa.qc.ca\/cssdm\/wp-json\/wp\/v2\/pages"}],"about":[{"href":"https:\/\/appa.qc.ca\/cssdm\/wp-json\/wp\/v2\/types\/page"}],"author":[{"embeddable":true,"href":"https:\/\/appa.qc.ca\/cssdm\/wp-json\/wp\/v2\/users\/20"}],"replies":[{"embeddable":true,"href":"https:\/\/appa.qc.ca\/cssdm\/wp-json\/wp\/v2\/comments?post=8535"}],"version-history":[{"count":107,"href":"https:\/\/appa.qc.ca\/cssdm\/wp-json\/wp\/v2\/pages\/8535\/revisions"}],"predecessor-version":[{"id":13065,"href":"https:\/\/appa.qc.ca\/cssdm\/wp-json\/wp\/v2\/pages\/8535\/revisions\/13065"}],"wp:featuredmedia":[{"embeddable":true,"href":"https:\/\/appa.qc.ca\/cssdm\/wp-json\/wp\/v2\/media\/12928"}],"wp:attachment":[{"href":"https:\/\/appa.qc.ca\/cssdm\/wp-json\/wp\/v2\/media?parent=8535"}],"curies":[{"name":"wp","href":"https:\/\/api.w.org\/{rel}","templated":true}]}}

Phénix | 21e colloque de l&rsquo;APPA (18 à 20 avr, 2024)

<div class="wpb-content-wrapper">[vc_row full_width= »stretch_row_content » content_placement= »top »][vc_column css= ».vc_custom_1624458884489{margin-top: 0px !important;margin-bottom: 0px !important;margin-left: 17% !important;} » offset= »vc_hidden-xs »][vc_wp_custommenu nav_menu= »578&Prime; el_class= ».menu-custom-container »][/vc_column][/vc_row][vc_row full_width= »stretch_row_content » css= ».vc_custom_1710892606907{background: #000000 url(https://appa.qc.ca/cssdm/wp-content/uploads/2024/03/phoenix-banner-1.jpg?id=12996) !important;background-position: center !important;background-repeat: no-repeat !important;background-size: cover !important;} »][vc_column][vc_column_text css= ».vc_custom_1710875907811{background-color: rgba(0,0,0,0.51) !important;*background-color: rgb(0,0,0) !important;border-radius: 10px !important;} »]
<div style="margin: 8rem 0px 0.7rem; padding: 2em;">
<h1 style="margin: 0px 0.7rem; line-height: 1; text-align: center; font-size: 6rem; font-weight: bold;"><span style="color: #ffffff;">PHÉNIX 2024</span></h1>
<h2 style="margin-bottom: 2rem; text-align: center; font-size: 3.5rem; font-weight: 200; line-height: 1.6;"><strong><span style="color: #ffffff;">21<sup>e</sup> Colloque APPA<br />
Le 18 au 20 avril, 2024 </span></strong></h2>
</div>
[/vc_column_text][vc_empty_space height= »50px »][/vc_column][/vc_row][vc_row full_width= »stretch_row_content » css= ».vc_custom_1710888590126{margin-right: 0px !important;margin-left: 0px !important;background-color: #3fb6d7 !important;} »][vc_column][vc_row_inner css= ».vc_custom_1614717994620{margin-right: 50px !important;margin-left: 50px !important;} »][vc_column_inner width= »1/2&Prime; css= ».vc_custom_1710955419404{padding-right: 5% !important;padding-left: 5% !important;} »][vc_column_text]
<h1 style="text-align: center;"><strong><span style="color: #ffffff;">JEUDI LE 18 ET VENDREDI LE 19 AVRIL</span></strong></h1>
<h3 style="text-align: center;"><span style="color: #ffffff;">SECTEUR GÉNÉRAL ET DE L&rsquo;ADAPTATION SCOLAIRE</span></h3>
<h2><strong><div class="su-button-center"><a href="https://appa.qc.ca/cssdm/colloque/transport/" class="su-button su-button-style-flat su-button-wide" style="color:#000000;background-color:#ffffff;border-color:#cccccc;border-radius:5px" target="_blank" rel="noopener noreferrer"><span style="color:#000000;padding:0px 24px;font-size:18px;line-height:36px;border-color:#ffffff;border-radius:5px;text-shadow:none"> Horaires et lieux de départ des autobus</span></a></div></strong></h2>
<h2><strong><div class="su-button-center"><a href="https://appa.qc.ca/cssdm/colloque/programmation/" class="su-button su-button-style-flat su-button-wide" style="color:#000000;background-color:#ffffff;border-color:#cccccc;border-radius:5px" target="_blank" rel="noopener noreferrer"><span style="color:#000000;padding:0px 24px;font-size:18px;line-height:36px;border-color:#ffffff;border-radius:5px;text-shadow:none"> Cliquez ici pour la programmation</span></a></div></strong></h2>
<h2><strong><div class="su-button-center"><a href="https://appa.qc.ca/cssdm/colloque/ateliers-gad/" class="su-button su-button-style-flat su-button-wide" style="color:#000000;background-color:#ffffff;border-color:#cccccc;border-radius:5px" target="_blank" rel="noopener noreferrer"><span style="color:#000000;padding:0px 24px;font-size:18px;line-height:36px;border-color:#ffffff;border-radius:5px;text-shadow:none"> Cliquez pour les descriptions des ateliers de 18 et 19 avril</span></a></div></strong></h2>
[/vc_column_text][/vc_column_inner][vc_column_inner width= »1/2&Prime; css= ».vc_custom_1710955442690{padding-right: 5% !important;padding-left: 5% !important;} »][vc_column_text]
<h1 style="text-align: center;"><strong><span style="color: #ffffff;">SAMEDI LE 20 AVRIL</span></strong></h1>
<h3 style="text-align: center;"><span style="color: #ffffff;">SECTEUR SERVICES DE GARDE</span></h3>
[/vc_column_text][vc_column_text]
<h2><strong><div class="su-button-center"><a href="https://appa.qc.ca/cssdm/colloque/transport/" class="su-button su-button-style-flat su-button-wide" style="color:#000000;background-color:#ffffff;border-color:#cccccc;border-radius:5px" target="_blank" rel="noopener noreferrer"><span style="color:#000000;padding:0px 24px;font-size:18px;line-height:36px;border-color:#ffffff;border-radius:5px;text-shadow:none"> Horaires et lieux de départ des autobus</span></a></div></strong></h2>
<h2><strong><div class="su-button-center"><a href="https://appa.qc.ca/cssdm/colloque/programmation/" class="su-button su-button-style-flat su-button-wide" style="color:#000000;background-color:#ffffff;border-color:#cccccc;border-radius:5px" target="_blank" rel="noopener noreferrer"><span style="color:#000000;padding:0px 24px;font-size:18px;line-height:36px;border-color:#ffffff;border-radius:5px;text-shadow:none"> Cliquez ici pour la programmation</span></a></div></strong></h2>
<h2><strong><div class="su-button-center"><a href="https://appa.qc.ca/cssdm/colloque/ateliers-sdg/" class="su-button su-button-style-flat su-button-wide" style="color:#000000;background-color:#ffffff;border-color:#cccccc;border-radius:5px" target="_blank" rel="noopener noreferrer"><span style="color:#000000;padding:0px 24px;font-size:18px;line-height:36px;border-color:#ffffff;border-radius:5px;text-shadow:none"> Cliquez pour les descriptions des ateliers de 20 avril</span></a></div></strong></h2>
<p>&nbsp;</p>
<h3>&nbsp;</h3>
[/vc_column_text][/vc_column_inner][/vc_row_inner][vc_empty_space height= »50px »][vc_row_inner disable_element= »yes »][vc_column_inner][vc_cta h2= » » txt_align= »center » style= »custom » custom_text= »#ffffff » css= ».vc_custom_1710974399163{background-color: rgba(0,0,0,0.01) !important;*background-color: rgb(0,0,0) !important;border-radius: 10px !important;} »]
<h2><a style="color: #ffffff;" href="https://colloque.appa.qc.ca/console/inscriptions.php"><strong>Cliquez pour vous inscrire maintenant</strong></a></h2>
[/vc_cta][vc_cta h2= » » txt_align= »center » style= »custom » custom_text= »#ffffff » css= ».vc_custom_1710974434918{background-color: rgba(0,0,0,0.01) !important;*background-color: rgb(0,0,0) !important;border-radius: 10px !important;} »]
<h2><a style="color: #ffffff;" href="https://colloque.appa.qc.ca/console2/inscriptions.php"><strong>Cliquez pour vous inscrire maintenant</strong></a></h2>
[/vc_cta][/vc_column_inner][/vc_row_inner][/vc_column][/vc_row][vc_row][vc_column][vc_column_text]
<h2 style="text-align: center;">Phénix, le premier colloque de l’APPA depuis 2019, est une célébration de notre résilience collective, de notre dévouement et de notre engagement indéfectible envers l’excellence en tant que personnel de soutien scolaire. C’est une occasion non seulement d’apprendre, mais aussi de renforcer les liens et d’échanger des idées.</h2>
<h2 style="text-align: center;">Dans le cadre pittoresque des Laurentides, le congrès aura lieu au <a href="https://manoir-saint-sauveur.com/fr">Manoir St-Sauveur</a>.</h2>
<h2 style="text-align: center; line-height: 1.5em;">&nbsp;Vous serez invité à participer à des ateliers et conférences qui vous aideront à trouver des solutions pour mieux faire face à votre travail au quotidien.</h2>
[/vc_column_text][vc_empty_space height= »100px »][/vc_column][/vc_row][vc_row full_width= »stretch_row_content » css= ».vc_custom_1710958029792{background: #000000 url(https://appa.qc.ca/cssdm/wp-content/uploads/2024/03/manoir.jpg?id=13011) !important;background-position: center !important;background-repeat: no-repeat !important;background-size: cover !important;} »][vc_column parallax= »content-moving » parallax_speed_bg= »2&Prime;][vc_column_text css= ».vc_custom_1710958187913{background-color: rgba(0,0,0,0.51) !important;*background-color: rgb(0,0,0) !important;border-radius: 10px !important;} »]
<div style="margin: 5rem 0px 0.7rem; padding: 2em;">
<h1 style="margin: 0px 0.7rem; line-height: 1; text-align: center; font-size: 2rem; font-weight: bold;"><span style="color: #ffffff;">Lieu du colloque 2024</span></h1>
<h1 style="margin: 0px 0.7rem; line-height: 1; text-align: center; font-size: 5rem; font-weight: bold;"><span style="color: #ffffff;">Manoir Saint-Sauveur</span></h1>
<h2 style="margin-bottom: 2rem; text-align: center; font-size: 2rem; font-weight: 200; line-height: 1.6;"><strong><span style="color: #ffffff;">246 Chem. du Lac-Millette<br />
Saint-Sauveur, QC J0R 1R3</span></strong></h2>
</div>
[/vc_column_text][vc_empty_space height= »30px »][/vc_column][/vc_row][vc_row][vc_column][vc_empty_space height= »50px »][vc_single_image image= »9372&Prime; img_size= »medium » alignment= »center » style= »vc_box_border » border_color= »white » onclick= »custom_link » img_link_target= »_blank » link= »http://appa.qc.ca/cssdm »][/vc_column][/vc_row]
</div>

<p>Conformément à la tradition, l&rsquo;APPA,  vous présente notre congrès biennal sous le thème « Phénix ». Vous serez invité à participer à des ateliers et conférences qui vous aideront à trouver des solutions pour mieux faire face à votre travail au quotidien.</p>
