{"id":12541,"date":"2023-08-18T11:13:58","date_gmt":"2023-08-18T15:13:58","guid":{"rendered":"https:\/\/appa.qc.ca\/cssdm\/?post_type=tribe_events&#038;p=12541"},"modified":"2025-08-27T11:19:56","modified_gmt":"2025-08-27T16:19:56","slug":"fete-nationale-des-patriotes","status":"publish","type":"tribe_events","link":"https:\/\/appa.qc.ca\/cssdm\/evenement\/fete-nationale-des-patriotes\/","title":{"rendered":"F\u00eate nationale des Patriotes"},"content":{"rendered":"<p>Le bureau de l&rsquo;APPA est ferm\u00e9 aujourd&rsquo;hui pour le jour f\u00e9ri\u00e9.<\/p>\n","protected":false},"excerpt":{"rendered":"<p>Le bureau de l&rsquo;APPA est ferm\u00e9 aujourd&rsquo;hui pour le jour f\u00e9ri\u00e9.<\/p>\n","protected":false},"author":20,"featured_media":0,"template":"","meta":{"ngg_post_thumbnail":0,"_tribe_events_status":"","_tribe_events_status_reason":"","footnotes":""},"tags":[],"tribe_events_cat":[],"class_list":["post-12541","tribe_events","type-tribe_events","status-publish","hentry"],"_links":{"self":[{"href":"https:\/\/appa.qc.ca\/cssdm\/wp-json\/wp\/v2\/tribe_events\/12541","targetHints":{"allow":["GET"]}}],"collection":[{"href":"https:\/\/appa.qc.ca\/cssdm\/wp-json\/wp\/v2\/tribe_events"}],"about":[{"href":"https:\/\/appa.qc.ca\/cssdm\/wp-json\/wp\/v2\/types\/tribe_events"}],"author":[{"embeddable":true,"href":"https:\/\/appa.qc.ca\/cssdm\/wp-json\/wp\/v2\/users\/20"}],"version-history":[{"count":1,"href":"https:\/\/appa.qc.ca\/cssdm\/wp-json\/wp\/v2\/tribe_events\/12541\/revisions"}],"predecessor-version":[{"id":12542,"href":"https:\/\/appa.qc.ca\/cssdm\/wp-json\/wp\/v2\/tribe_events\/12541\/revisions\/12542"}],"wp:attachment":[{"href":"https:\/\/appa.qc.ca\/cssdm\/wp-json\/wp\/v2\/media?parent=12541"}],"wp:term":[{"taxonomy":"post_tag","embeddable":true,"href":"https:\/\/appa.qc.ca\/cssdm\/wp-json\/wp\/v2\/tags?post=12541"},{"taxonomy":"tribe_events_cat","embeddable":true,"href":"https:\/\/appa.qc.ca\/cssdm\/wp-json\/wp\/v2\/tribe_events_cat?post=12541"}],"curies":[{"name":"wp","href":"https:\/\/api.w.org\/{rel}","templated":true}]}}

Fête nationale des Patriotes

<p>Le bureau de l&rsquo;APPA est fermé aujourd&rsquo;hui pour le jour férié.</p>
