{"id":12549,"date":"2023-08-18T11:34:40","date_gmt":"2023-08-18T15:34:40","guid":{"rendered":"https:\/\/appa.qc.ca\/cssdm\/?post_type=tribe_events&#038;p=12549"},"modified":"2025-08-27T11:22:54","modified_gmt":"2025-08-27T16:22:54","slug":"jour-de-deuil","status":"publish","type":"tribe_events","link":"https:\/\/appa.qc.ca\/cssdm\/evenement\/jour-de-deuil\/","title":{"rendered":"Jour de deuil national des travailleuses et travailleurs"},"content":{"rendered":"<p>La Journ\u00e9e internationale de comm\u00e9moration des travailleuses et des travailleurs morts ou bless\u00e9s au travail (Jour de deuil).<\/p>\n<p>C\u00e9l\u00e9br\u00e9 chaque ann\u00e9e au Canada le 28 avril, le Jour de deuil national est d\u00e9di\u00e9 \u00e0 la m\u00e9moire de ceux qui ont perdu la vie, subi une blessure ou une maladie au travail ou qui ont v\u00e9cu une trag\u00e9die li\u00e9e au travail.<\/p>\n<ul>\n<li>Nous nous souvenons\n<ul>\n<li>les travailleurs qui sont d\u00e9c\u00e9d\u00e9s, ont \u00e9t\u00e9 bless\u00e9s ou sont tomb\u00e9s malades \u00e0 cause de leur travail.<\/li>\n<\/ul>\n<\/li>\n<li>Nous nous engageons\n<ul>\n<li>\u00e0 prot\u00e9ger les travailleurs et \u00e0 pr\u00e9venir de nouvelles trag\u00e9dies sur le lieu de travail.<\/li>\n<\/ul>\n<\/li>\n<\/ul>\n","protected":false},"excerpt":{"rendered":"<p>C\u00e9l\u00e9br\u00e9 chaque ann\u00e9e au Canada le 28 avril, le Jour de deuil national est d\u00e9di\u00e9 \u00e0 la m\u00e9moire de ceux qui ont perdu la vie, subi une blessure ou une maladie au travail ou qui ont v\u00e9cu une trag\u00e9die li\u00e9e au travail.<\/p>\n","protected":false},"author":12,"featured_media":12550,"template":"","meta":{"ngg_post_thumbnail":0,"_tribe_events_status":"","_tribe_events_status_reason":"","footnotes":""},"tags":[],"tribe_events_cat":[565],"class_list":["post-12549","tribe_events","type-tribe_events","status-publish","has-post-thumbnail","hentry","tribe_events_cat-sante-securite","cat_sante-securite"],"_links":{"self":[{"href":"https:\/\/appa.qc.ca\/cssdm\/wp-json\/wp\/v2\/tribe_events\/12549","targetHints":{"allow":["GET"]}}],"collection":[{"href":"https:\/\/appa.qc.ca\/cssdm\/wp-json\/wp\/v2\/tribe_events"}],"about":[{"href":"https:\/\/appa.qc.ca\/cssdm\/wp-json\/wp\/v2\/types\/tribe_events"}],"author":[{"embeddable":true,"href":"https:\/\/appa.qc.ca\/cssdm\/wp-json\/wp\/v2\/users\/12"}],"version-history":[{"count":1,"href":"https:\/\/appa.qc.ca\/cssdm\/wp-json\/wp\/v2\/tribe_events\/12549\/revisions"}],"predecessor-version":[{"id":12551,"href":"https:\/\/appa.qc.ca\/cssdm\/wp-json\/wp\/v2\/tribe_events\/12549\/revisions\/12551"}],"wp:featuredmedia":[{"embeddable":true,"href":"https:\/\/appa.qc.ca\/cssdm\/wp-json\/wp\/v2\/media\/12550"}],"wp:attachment":[{"href":"https:\/\/appa.qc.ca\/cssdm\/wp-json\/wp\/v2\/media?parent=12549"}],"wp:term":[{"taxonomy":"post_tag","embeddable":true,"href":"https:\/\/appa.qc.ca\/cssdm\/wp-json\/wp\/v2\/tags?post=12549"},{"taxonomy":"tribe_events_cat","embeddable":true,"href":"https:\/\/appa.qc.ca\/cssdm\/wp-json\/wp\/v2\/tribe_events_cat?post=12549"}],"curies":[{"name":"wp","href":"https:\/\/api.w.org\/{rel}","templated":true}]}}

<p>La Journée internationale de commémoration des travailleuses et des travailleurs morts ou blessés au travail (Jour de deuil).</p>
<p>Célébré chaque année au Canada le 28 avril, le Jour de deuil national est dédié à la mémoire de ceux qui ont perdu la vie, subi une blessure ou une maladie au travail ou qui ont vécu une tragédie liée au travail.</p>
<ul>
<li>Nous nous souvenons
<ul>
<li>les travailleurs qui sont décédés, ont été blessés ou sont tombés malades à cause de leur travail.</li>
</ul>
</li>
<li>Nous nous engageons
<ul>
<li>à protéger les travailleurs et à prévenir de nouvelles tragédies sur le lieu de travail.</li>
</ul>
</li>
</ul>

<p>Célébré chaque année au Canada le 28 avril, le Jour de deuil national est dédié à la mémoire de ceux qui ont perdu la vie, subi une blessure ou une maladie au travail ou qui ont vécu une tragédie liée au travail.</p>
