{"id":13183,"date":"2024-10-08T15:54:32","date_gmt":"2024-10-08T19:54:32","guid":{"rendered":"https:\/\/appa.qc.ca\/cssdm\/?post_type=tribe_events&#038;p=13183"},"modified":"2024-12-04T16:12:08","modified_gmt":"2024-12-04T20:12:08","slug":"presentation-les-risques-psychosociaux-lies-au-travail","status":"publish","type":"tribe_events","link":"https:\/\/appa.qc.ca\/cssdm\/evenement\/presentation-les-risques-psychosociaux-lies-au-travail\/","title":{"rendered":"Pr\u00e9sentation &#8211; Les risques psychosociaux li\u00e9s au travail"},"content":{"rendered":"<div class=\"su-button-center\"><a href=\"https:\/\/forms.office.com\/r\/RRVUxX21vb\" class=\"su-button su-button-style-flat su-button-wide\" style=\"color:#ffffff;background-color:#019837;border-color:#017a2c;border-radius:5px\" target=\"_blank\" rel=\"noopener noreferrer\"><span style=\"color:#ffffff;padding:0px 22px;font-size:17px;line-height:34px;border-color:#4eb773;border-radius:5px;text-shadow:none\"> CLIQUEZ ICI POUR VOUS INSCRIRE<\/span><\/a><\/div>\n<p><img loading=\"lazy\" decoding=\"async\" class=\"size-full wp-image-13201 alignnone\" src=\"https:\/\/appa.qc.ca\/cssdm\/wp-content\/uploads\/2024\/10\/sst-presentation-buffet-2024.jpg\" alt=\"\" width=\"809\" height=\"485\" srcset=\"https:\/\/appa.qc.ca\/cssdm\/wp-content\/uploads\/2024\/10\/sst-presentation-buffet-2024.jpg 809w, https:\/\/appa.qc.ca\/cssdm\/wp-content\/uploads\/2024\/10\/sst-presentation-buffet-2024-300x180.jpg 300w, https:\/\/appa.qc.ca\/cssdm\/wp-content\/uploads\/2024\/10\/sst-presentation-buffet-2024-768x460.jpg 768w, https:\/\/appa.qc.ca\/cssdm\/wp-content\/uploads\/2024\/10\/sst-presentation-buffet-2024-750x450.jpg 750w, https:\/\/appa.qc.ca\/cssdm\/wp-content\/uploads\/2024\/10\/sst-presentation-buffet-2024-334x200.jpg 334w, https:\/\/appa.qc.ca\/cssdm\/wp-content\/uploads\/2024\/10\/sst-presentation-buffet-2024-82x49.jpg 82w, https:\/\/appa.qc.ca\/cssdm\/wp-content\/uploads\/2024\/10\/sst-presentation-buffet-2024-100x60.jpg 100w, https:\/\/appa.qc.ca\/cssdm\/wp-content\/uploads\/2024\/10\/sst-presentation-buffet-2024-156x94.jpg 156w\" sizes=\"auto, (max-width: 809px) 100vw, 809px\" \/><\/p>\n<p><strong>PR\u00c9SENT\u00c9 PAR : Karine Bouchard, Conseill\u00e8res en sant\u00e9 psychologique au travail CNESST<\/strong><br \/>\n<strong>DATE : LE 23 OCTOBRE 2024 @ 19H00 (OUVERTURE DES PORTES \u00c0 18H00)<\/strong><br \/>\n<strong>LIEUX: Bureau APPA &#8211; 3340, boulevard de l\u2019Assomption, Suite 200 (m\u00e9tro Assomption)<\/strong><\/p>\n<p>La sant\u00e9 psychologique au travail est un enjeu crucial qui touche chacun d&rsquo;entre nous. Lors de cette pr\u00e9sentation, nous aborderons les risques psychosociaux, comment les comprendre et les pr\u00e9venir. Nous vous informerons sur vos obligations l\u00e9gales et l&rsquo;importance d&rsquo;une prise en charge proactive. Vous d\u00e9couvrirez \u00e9galement les outils disponibles ainsi que des ressources d&rsquo;aide pour mieux soutenir la sant\u00e9 mentale au travail.<\/p>\n<h3>La pr\u00e9sentation est de 19h \u00e0 20h30. Un buffet sera servi \u00e0 compter de 18h00<\/h3>\n<p><strong>PRIX DE PR\u00c9SENCE!&nbsp; &nbsp;<\/strong><strong>PLACES LIMIT\u00c9ES!<\/strong><\/p>\n<div class=\"su-button-center\"><a href=\"https:\/\/forms.office.com\/r\/RRVUxX21vb\" class=\"su-button su-button-style-flat su-button-wide\" style=\"color:#ffffff;background-color:#019837;border-color:#017a2c;border-radius:5px\" target=\"_blank\" rel=\"noopener noreferrer\"><span style=\"color:#ffffff;padding:0px 22px;font-size:17px;line-height:34px;border-color:#4eb773;border-radius:5px;text-shadow:none\"> CLIQUEZ ICI POUR VOUS INSCRIRE<\/span><\/a><\/div>\n","protected":false},"excerpt":{"rendered":"<p>La sant\u00e9 psychologique au travail est un enjeu crucial qui touche chacun d&rsquo;entre nous. Lors de cette pr\u00e9sentation, nous aborderons les risques psychosociaux, comment les comprendre et les pr\u00e9venir. Nous vous informerons sur vos obligations l\u00e9gales et l&rsquo;importance d&rsquo;une prise en charge proactive. Vous d\u00e9couvrirez \u00e9galement les outils disponibles ainsi que des ressources d&rsquo;aide pour mieux soutenir la sant\u00e9 mentale au travail.<\/p>\n","protected":false},"author":20,"featured_media":13201,"template":"","meta":{"ngg_post_thumbnail":0,"_tribe_events_status":"","_tribe_events_status_reason":"","footnotes":""},"tags":[],"tribe_events_cat":[565],"class_list":["post-13183","tribe_events","type-tribe_events","status-publish","has-post-thumbnail","hentry","tribe_events_cat-sante-securite","cat_sante-securite"],"_links":{"self":[{"href":"https:\/\/appa.qc.ca\/cssdm\/wp-json\/wp\/v2\/tribe_events\/13183","targetHints":{"allow":["GET"]}}],"collection":[{"href":"https:\/\/appa.qc.ca\/cssdm\/wp-json\/wp\/v2\/tribe_events"}],"about":[{"href":"https:\/\/appa.qc.ca\/cssdm\/wp-json\/wp\/v2\/types\/tribe_events"}],"author":[{"embeddable":true,"href":"https:\/\/appa.qc.ca\/cssdm\/wp-json\/wp\/v2\/users\/20"}],"version-history":[{"count":6,"href":"https:\/\/appa.qc.ca\/cssdm\/wp-json\/wp\/v2\/tribe_events\/13183\/revisions"}],"predecessor-version":[{"id":13202,"href":"https:\/\/appa.qc.ca\/cssdm\/wp-json\/wp\/v2\/tribe_events\/13183\/revisions\/13202"}],"wp:featuredmedia":[{"embeddable":true,"href":"https:\/\/appa.qc.ca\/cssdm\/wp-json\/wp\/v2\/media\/13201"}],"wp:attachment":[{"href":"https:\/\/appa.qc.ca\/cssdm\/wp-json\/wp\/v2\/media?parent=13183"}],"wp:term":[{"taxonomy":"post_tag","embeddable":true,"href":"https:\/\/appa.qc.ca\/cssdm\/wp-json\/wp\/v2\/tags?post=13183"},{"taxonomy":"tribe_events_cat","embeddable":true,"href":"https:\/\/appa.qc.ca\/cssdm\/wp-json\/wp\/v2\/tribe_events_cat?post=13183"}],"curies":[{"name":"wp","href":"https:\/\/api.w.org\/{rel}","templated":true}]}}

Présentation &#8211; Les risques psychosociaux liés au travail

<div class="su-button-center"><a href="https://forms.office.com/r/RRVUxX21vb" class="su-button su-button-style-flat su-button-wide" style="color:#ffffff;background-color:#019837;border-color:#017a2c;border-radius:5px" target="_blank" rel="noopener noreferrer"><span style="color:#ffffff;padding:0px 22px;font-size:17px;line-height:34px;border-color:#4eb773;border-radius:5px;text-shadow:none"> CLIQUEZ ICI POUR VOUS INSCRIRE</span></a></div>
<p><img loading="lazy" decoding="async" class="size-full wp-image-13201 alignnone" src="https://appa.qc.ca/cssdm/wp-content/uploads/2024/10/sst-presentation-buffet-2024.jpg" alt="" width="809" height="485" srcset="https://appa.qc.ca/cssdm/wp-content/uploads/2024/10/sst-presentation-buffet-2024.jpg 809w, https://appa.qc.ca/cssdm/wp-content/uploads/2024/10/sst-presentation-buffet-2024-300x180.jpg 300w, https://appa.qc.ca/cssdm/wp-content/uploads/2024/10/sst-presentation-buffet-2024-768x460.jpg 768w, https://appa.qc.ca/cssdm/wp-content/uploads/2024/10/sst-presentation-buffet-2024-750x450.jpg 750w, https://appa.qc.ca/cssdm/wp-content/uploads/2024/10/sst-presentation-buffet-2024-334x200.jpg 334w, https://appa.qc.ca/cssdm/wp-content/uploads/2024/10/sst-presentation-buffet-2024-82x49.jpg 82w, https://appa.qc.ca/cssdm/wp-content/uploads/2024/10/sst-presentation-buffet-2024-100x60.jpg 100w, https://appa.qc.ca/cssdm/wp-content/uploads/2024/10/sst-presentation-buffet-2024-156x94.jpg 156w" sizes="auto, (max-width: 809px) 100vw, 809px" /></p>
<p><strong>PRÉSENTÉ PAR : Karine Bouchard, Conseillères en santé psychologique au travail CNESST</strong><br />
<strong>DATE : LE 23 OCTOBRE 2024 @ 19H00 (OUVERTURE DES PORTES À 18H00)</strong><br />
<strong>LIEUX: Bureau APPA &#8211; 3340, boulevard de l’Assomption, Suite 200 (métro Assomption)</strong></p>
<p>La santé psychologique au travail est un enjeu crucial qui touche chacun d&rsquo;entre nous. Lors de cette présentation, nous aborderons les risques psychosociaux, comment les comprendre et les prévenir. Nous vous informerons sur vos obligations légales et l&rsquo;importance d&rsquo;une prise en charge proactive. Vous découvrirez également les outils disponibles ainsi que des ressources d&rsquo;aide pour mieux soutenir la santé mentale au travail.</p>
<h3>La présentation est de 19h à 20h30. Un buffet sera servi à compter de 18h00</h3>
<p><strong>PRIX DE PRÉSENCE!&nbsp; &nbsp;</strong><strong>PLACES LIMITÉES!</strong></p>
<div class="su-button-center"><a href="https://forms.office.com/r/RRVUxX21vb" class="su-button su-button-style-flat su-button-wide" style="color:#ffffff;background-color:#019837;border-color:#017a2c;border-radius:5px" target="_blank" rel="noopener noreferrer"><span style="color:#ffffff;padding:0px 22px;font-size:17px;line-height:34px;border-color:#4eb773;border-radius:5px;text-shadow:none"> CLIQUEZ ICI POUR VOUS INSCRIRE</span></a></div>

<p>La santé psychologique au travail est un enjeu crucial qui touche chacun d&rsquo;entre nous. Lors de cette présentation, nous aborderons les risques psychosociaux, comment les comprendre et les prévenir. Nous vous informerons sur vos obligations légales et l&rsquo;importance d&rsquo;une prise en charge proactive. Vous découvrirez également les outils disponibles ainsi que des ressources d&rsquo;aide pour mieux soutenir la santé mentale au travail.</p>
