{"id":13220,"date":"2024-10-31T17:08:50","date_gmt":"2024-10-31T21:08:50","guid":{"rendered":"https:\/\/appa.qc.ca\/cssdm\/?post_type=tribe_events&#038;p=13220"},"modified":"2024-11-20T12:45:35","modified_gmt":"2024-11-20T16:45:35","slug":"assemblee-generale-assurances-avis-motion-27-nov","status":"publish","type":"tribe_events","link":"https:\/\/appa.qc.ca\/cssdm\/evenement\/assemblee-generale-assurances-avis-motion-27-nov\/","title":{"rendered":"Assembl\u00e9e g\u00e9n\u00e9rale | Assurances et avis de motion &#8211; 27 nov"},"content":{"rendered":"<h1>L&rsquo;assembl\u00e9e g\u00e9n\u00e9rale aura lieu le mercredi 27 novembre 2024 \u00e0 19h \u00e0 l&rsquo;\u00e9cole secondaire Georges-Vanier. Lors de cette assembl\u00e9e nous pr\u00e9senterons le renouvellement de l&rsquo;assurance collective (VOTE), et il y aura \u00e9galement 3 avis de motion qui touchent aux Statuts et r\u00e8glements et R\u00e8glements internes (VOTE).<\/h1>\n<h3 class=\"p2\"><b><i>Un l\u00e9ger go\u00fbter sera servi \u00e0 compter de 18 h<\/i><\/b><\/h3>\n<div class=\"su-box su-box-style-default\" id=\"\" style=\"border-color:#5b0000;border-radius:3px;\"><div class=\"su-box-title\" style=\"background-color:#8e1f00;color:#ffffff;border-top-left-radius:1px;border-top-right-radius:1px\"><b>PROJET D\u2019ORDRE DU JOUR<\/b><\/div><div class=\"su-box-content su-u-clearfix su-u-trim\" style=\"border-bottom-left-radius:1px;border-bottom-right-radius:1px\">\n<ol class=\"ol1\">\n<li class=\"li3\">Ouverture de l\u2019assembl\u00e9e<\/li>\n<li class=\"li3\">Lecture et adoption de l\u2019ordre du jour<\/li>\n<li class=\"li4\">Lecture et approbation du proc\u00e8s-verbal du 25 septembre 2024<\/li>\n<li class=\"li4\">Renouvellement des assurances collectives <b>(VOTES) <\/b><\/li>\n<li class=\"li5\">Avis de motion <b>(VOTES) <\/b>\n<ol class=\"ol1\">\n<li class=\"li5\">Le poste de vice-pr\u00e9sidence en adaptation scolaire<\/li>\n<li class=\"li5\">Les assembl\u00e9es g\u00e9n\u00e9rales en virtuel ou en mode hybride<\/li>\n<li class=\"li5\">La tenue de votes de gr\u00e8ve en virtuel<\/li>\n<\/ol>\n<\/li>\n<li class=\"li6\">Autres sujets<\/li>\n<li class=\"li6\">Lev\u00e9e de l\u2019assembl\u00e9e<\/li>\n<\/ol>\n<\/div><\/div><div class=\"wpfd-single-file pdf\" data-id=\"13222\" data-catid=\"556\">\n    <input type=\"hidden\" class=\"wpfd_file_preview_link_download\" value=\"https:\/\/appa.qc.ca\/cssdm\/download\/556\/ordres-du-jour\/13222\/ag-assurances-et-avis-motion-convocation-27-nov-2024.pdf\" data-filetitle=\"AG - Assurances et avis motion | Convocation - 27 nov 2024\" data-fileicons=\"ext ext-pdf wpfd-icon-set-svg\" \/>\n    <input type=\"hidden\" class=\"wpfd_file_ext\" value=\"pdf\" \/>\n    <div class=\"wpfd-single-file--icon\">\n            <a href=\"https:\/\/appa.qc.ca\/cssdm\/wp-admin\/admin-ajax.php?juwpfisadmin&#x3D;false&amp;action&#x3D;wpfd&amp;task&#x3D;file.download&amp;wpfd_category_id&#x3D;556&amp;wpfd_file_id&#x3D;13222&amp;token&#x3D;&amp;preview&#x3D;1\" alt=\"AG - Assurances et avis motion | Convocation - 27 nov 2024\" class=\"wpfdlightbox\" data-file-type=\"pdf\" data-id=\"13222\" data-catid=\"556\" >\n            <div class=\"wpfd-icon-placeholder\" style=\"background-image: url(&quot;https:\/\/appa.qc.ca\/cssdm\/wp-content\/plugins\/wp-file-download\/app\/site\/assets\/icons\/svg\/pdf.svg&quot;);border-radius: 4%;box-shadow: 0px 0px 0px 0px transparent;background-color: #CB0606;border: 0px solid ;background-size: 100%;\"><\/div>\n        <\/a>\n    <\/div>\n\n    <div class=\"wpfd-single-file--details wpfd-file-content\">\n                        <h3 class=\"wpfd-file-content--title\"><a href=\"https:\/\/appa.qc.ca\/cssdm\/download\/556\/ordres-du-jour\/13222\/ag-assurances-et-avis-motion-convocation-27-nov-2024.pdf\"  style=\"text-decoration: none\">AG - Assurances et avis motion | Convocation - 27 nov 2024<\/a><\/h3>\n        <div class=\"wpfd-file-content--meta\">\n                    <div>Taille: 130.80 KB<\/div>\n                    <div>Updated: 31-10-2024<\/div>\n        <\/div>\n    <\/div>\n    <div class=\"wpfd-single-file--buttons\">\n                                <a href=\"https:\/\/appa.qc.ca\/cssdm\/download\/556\/ordres-du-jour\/13222\/ag-assurances-et-avis-motion-convocation-27-nov-2024.pdf\"   data-id=\"13222\" title=\"AG - Assurances et avis motion | Convocation - 27 nov 2024\" class=\"noLightbox wpfd_downloadlink wpfd-single-file-button wpfd-button-download\">\n                    <svg xmlns=\"http:\/\/www.w3.org\/2000\/svg\" width=\"38\" height=\"38\" viewBox=\"0 0 400 400\"><g fill=\"#ffffff\"><path d=\"M400 200c0 112-89 200-201 200C88 400 0 311 0 199S89 0 201 0c111 0 199 89 199 200zm-179-8l-3-1V89c0-15-7-24-18-23-13 1-18 9-18 22v107l-34-35c-8-8-18-11-27-2-8 8-7 18 2 26l63 63c10 11 18 10 28 0l63-62c8-8 10-17 2-27-7-8-17-7-27 2l-31 32zm-21 113h82c13 0 24-4 32-14 10-14 8-29 6-44-1-4-8-9-12-8-5 0-9 6-12 10-2 3-1 8 0 13 1 13-5 17-18 17H131c-25 0-25 0-26-25-1-3 0-6-2-7-3-4-8-8-12-8s-10 5-11 9c-11 30 8 57 40 57h80z\"\/><\/g><\/svg>\n                    <span>T\u00e9l\u00e9charger<\/span>\n                <\/a>\n                    <a href=\"https:\/\/appa.qc.ca\/cssdm\/wp-admin\/admin-ajax.php?juwpfisadmin&#x3D;false&amp;action&#x3D;wpfd&amp;task&#x3D;file.download&amp;wpfd_category_id&#x3D;556&amp;wpfd_file_id&#x3D;13222&amp;token&#x3D;&amp;preview&#x3D;1\"  class=\"wpfd-single-file-button wpfd-button-preview openlink wpfdlightbox\">\n                        <svg xmlns=\"http:\/\/www.w3.org\/2000\/svg\" width=\"38\" height=\"38\" viewBox=\"0 0 400 400\"><g fill=\"#ffffff\"><path d=\"M200 325c-36 0-70-11-101-30a356 356 0 01-92-80c-9-11-9-19 0-29 37-44 79-79 131-99 51-20 102-14 151 12 41 22 76 52 106 89 6 8 7 16 1 23-39 48-85 85-141 105a167 167 0 01-55 9zm0-47c41 0 75-36 75-81s-34-81-75-81c-42 0-75 36-75 81s34 81 75 81z\"\/><path d=\"M200 159c21 0 38 17 38 38 0 20-17 37-38 37s-38-17-38-37c0-21 17-38 38-38z\"\/><\/g><\/svg>\n                        <span>Aper\u00e7u<\/span>\n                    <\/a>\n    <\/div>\n<\/div>\n<\/p>\n","protected":false},"excerpt":{"rendered":"<p>L&rsquo;assembl\u00e9e g\u00e9n\u00e9rale aura lieu le mercredi 27 novembre 2024 \u00e0 19h \u00e0 l&rsquo;\u00e9cole secondaire Georges-Vanier. Lors de cette assembl\u00e9e nous pr\u00e9senterons le renouvellement de l&rsquo;assurance collective (VOTE), et il y aura \u00e9galement 3 avis de motion qui touchent aux Statuts et r\u00e8glements et R\u00e8glements internes (VOTE).<\/p>\n","protected":false},"author":20,"featured_media":13221,"template":"","meta":{"ngg_post_thumbnail":0,"_tribe_events_status":"","_tribe_events_status_reason":"","footnotes":""},"tags":[],"tribe_events_cat":[482,592],"class_list":["post-13220","tribe_events","type-tribe_events","status-publish","has-post-thumbnail","hentry","tribe_events_cat-assemblee-generale","tribe_events_cat-assurances-collectives","cat_assemblee-generale","cat_assurances-collectives"],"_links":{"self":[{"href":"https:\/\/appa.qc.ca\/cssdm\/wp-json\/wp\/v2\/tribe_events\/13220","targetHints":{"allow":["GET"]}}],"collection":[{"href":"https:\/\/appa.qc.ca\/cssdm\/wp-json\/wp\/v2\/tribe_events"}],"about":[{"href":"https:\/\/appa.qc.ca\/cssdm\/wp-json\/wp\/v2\/types\/tribe_events"}],"author":[{"embeddable":true,"href":"https:\/\/appa.qc.ca\/cssdm\/wp-json\/wp\/v2\/users\/20"}],"version-history":[{"count":7,"href":"https:\/\/appa.qc.ca\/cssdm\/wp-json\/wp\/v2\/tribe_events\/13220\/revisions"}],"predecessor-version":[{"id":13400,"href":"https:\/\/appa.qc.ca\/cssdm\/wp-json\/wp\/v2\/tribe_events\/13220\/revisions\/13400"}],"wp:featuredmedia":[{"embeddable":true,"href":"https:\/\/appa.qc.ca\/cssdm\/wp-json\/wp\/v2\/media\/13221"}],"wp:attachment":[{"href":"https:\/\/appa.qc.ca\/cssdm\/wp-json\/wp\/v2\/media?parent=13220"}],"wp:term":[{"taxonomy":"post_tag","embeddable":true,"href":"https:\/\/appa.qc.ca\/cssdm\/wp-json\/wp\/v2\/tags?post=13220"},{"taxonomy":"tribe_events_cat","embeddable":true,"href":"https:\/\/appa.qc.ca\/cssdm\/wp-json\/wp\/v2\/tribe_events_cat?post=13220"}],"curies":[{"name":"wp","href":"https:\/\/api.w.org\/{rel}","templated":true}]}}

Assemblée générale | Assurances et avis de motion &#8211; 27 nov

<h1>L&rsquo;assemblée générale aura lieu le mercredi 27 novembre 2024 à 19h à l&rsquo;école secondaire Georges-Vanier. Lors de cette assemblée nous présenterons le renouvellement de l&rsquo;assurance collective (VOTE), et il y aura également 3 avis de motion qui touchent aux Statuts et règlements et Règlements internes (VOTE).</h1>
<h3 class="p2"><b><i>Un léger goûter sera servi à compter de 18 h</i></b></h3>
<div class="su-box su-box-style-default" id="" style="border-color:#5b0000;border-radius:3px;"><div class="su-box-title" style="background-color:#8e1f00;color:#ffffff;border-top-left-radius:1px;border-top-right-radius:1px"><b>PROJET D’ORDRE DU JOUR</b></div><div class="su-box-content su-u-clearfix su-u-trim" style="border-bottom-left-radius:1px;border-bottom-right-radius:1px">
<ol class="ol1">
<li class="li3">Ouverture de l’assemblée</li>
<li class="li3">Lecture et adoption de l’ordre du jour</li>
<li class="li4">Lecture et approbation du procès-verbal du 25 septembre 2024</li>
<li class="li4">Renouvellement des assurances collectives <b>(VOTES) </b></li>
<li class="li5">Avis de motion <b>(VOTES) </b>
<ol class="ol1">
<li class="li5">Le poste de vice-présidence en adaptation scolaire</li>
<li class="li5">Les assemblées générales en virtuel ou en mode hybride</li>
<li class="li5">La tenue de votes de grève en virtuel</li>
</ol>
</li>
<li class="li6">Autres sujets</li>
<li class="li6">Levée de l’assemblée</li>
</ol>
</div></div><div class="wpfd-single-file pdf" data-id="13222" data-catid="556">
    <input type="hidden" class="wpfd_file_preview_link_download" value="https://appa.qc.ca/cssdm/download/556/ordres-du-jour/13222/ag-assurances-et-avis-motion-convocation-27-nov-2024.pdf" data-filetitle="AG - Assurances et avis motion | Convocation - 27 nov 2024" data-fileicons="ext ext-pdf wpfd-icon-set-svg" />
    <input type="hidden" class="wpfd_file_ext" value="pdf" />
    <div class="wpfd-single-file--icon">
            <a href="https://appa.qc.ca/cssdm/wp-admin/admin-ajax.php?juwpfisadmin&#x3D;false&amp;action&#x3D;wpfd&amp;task&#x3D;file.download&amp;wpfd_category_id&#x3D;556&amp;wpfd_file_id&#x3D;13222&amp;token&#x3D;&amp;preview&#x3D;1" alt="AG - Assurances et avis motion | Convocation - 27 nov 2024" class="wpfdlightbox" data-file-type="pdf" data-id="13222" data-catid="556" >
            <div class="wpfd-icon-placeholder" style="background-image: url(&quot;https://appa.qc.ca/cssdm/wp-content/plugins/wp-file-download/app/site/assets/icons/svg/pdf.svg&quot;);border-radius: 4%;box-shadow: 0px 0px 0px 0px transparent;background-color: #CB0606;border: 0px solid ;background-size: 100%;"></div>
        </a>
    </div>

    <div class="wpfd-single-file--details wpfd-file-content">
                        <h3 class="wpfd-file-content--title"><a href="https://appa.qc.ca/cssdm/download/556/ordres-du-jour/13222/ag-assurances-et-avis-motion-convocation-27-nov-2024.pdf"  style="text-decoration: none">AG - Assurances et avis motion | Convocation - 27 nov 2024</a></h3>
        <div class="wpfd-file-content--meta">
                    <div>Taille: 130.80 KB</div>
                    <div>Updated: 31-10-2024</div>
        </div>
    </div>
    <div class="wpfd-single-file--buttons">
                                <a href="https://appa.qc.ca/cssdm/download/556/ordres-du-jour/13222/ag-assurances-et-avis-motion-convocation-27-nov-2024.pdf"   data-id="13222" title="AG - Assurances et avis motion | Convocation - 27 nov 2024" class="noLightbox wpfd_downloadlink wpfd-single-file-button wpfd-button-download">
                    <svg xmlns="http://www.w3.org/2000/svg" width="38" height="38" viewBox="0 0 400 400"><g fill="#ffffff"><path d="M400 200c0 112-89 200-201 200C88 400 0 311 0 199S89 0 201 0c111 0 199 89 199 200zm-179-8l-3-1V89c0-15-7-24-18-23-13 1-18 9-18 22v107l-34-35c-8-8-18-11-27-2-8 8-7 18 2 26l63 63c10 11 18 10 28 0l63-62c8-8 10-17 2-27-7-8-17-7-27 2l-31 32zm-21 113h82c13 0 24-4 32-14 10-14 8-29 6-44-1-4-8-9-12-8-5 0-9 6-12 10-2 3-1 8 0 13 1 13-5 17-18 17H131c-25 0-25 0-26-25-1-3 0-6-2-7-3-4-8-8-12-8s-10 5-11 9c-11 30 8 57 40 57h80z"/></g></svg>
                    <span>Télécharger</span>
                </a>
                    <a href="https://appa.qc.ca/cssdm/wp-admin/admin-ajax.php?juwpfisadmin&#x3D;false&amp;action&#x3D;wpfd&amp;task&#x3D;file.download&amp;wpfd_category_id&#x3D;556&amp;wpfd_file_id&#x3D;13222&amp;token&#x3D;&amp;preview&#x3D;1"  class="wpfd-single-file-button wpfd-button-preview openlink wpfdlightbox">
                        <svg xmlns="http://www.w3.org/2000/svg" width="38" height="38" viewBox="0 0 400 400"><g fill="#ffffff"><path d="M200 325c-36 0-70-11-101-30a356 356 0 01-92-80c-9-11-9-19 0-29 37-44 79-79 131-99 51-20 102-14 151 12 41 22 76 52 106 89 6 8 7 16 1 23-39 48-85 85-141 105a167 167 0 01-55 9zm0-47c41 0 75-36 75-81s-34-81-75-81c-42 0-75 36-75 81s34 81 75 81z"/><path d="M200 159c21 0 38 17 38 38 0 20-17 37-38 37s-38-17-38-37c0-21 17-38 38-38z"/></g></svg>
                        <span>Aperçu</span>
                    </a>
    </div>
</div>
</p>

<p>L&rsquo;assemblée générale aura lieu le mercredi 27 novembre 2024 à 19h à l&rsquo;école secondaire Georges-Vanier. Lors de cette assemblée nous présenterons le renouvellement de l&rsquo;assurance collective (VOTE), et il y aura également 3 avis de motion qui touchent aux Statuts et règlements et Règlements internes (VOTE).</p>
