{"id":14444,"date":"2025-08-21T10:14:57","date_gmt":"2025-08-21T15:14:57","guid":{"rendered":"https:\/\/appa.qc.ca\/cssdm\/?post_type=tribe_events&#038;p=14444"},"modified":"2025-09-02T13:11:54","modified_gmt":"2025-09-02T18:11:54","slug":"rassemblement-citoyen-du-bruit-pour-lecole","status":"publish","type":"tribe_events","link":"https:\/\/appa.qc.ca\/cssdm\/evenement\/rassemblement-citoyen-du-bruit-pour-lecole\/","title":{"rendered":"Rassemblement citoyen : Du bruit pour l\u2019\u00e9cole!"},"content":{"rendered":"<p><b>Quand&nbsp;: Dimanche 7 septembre 2025 d\u00e8s 13h00<\/b><\/p>\n<p><b>O\u00f9&nbsp;: 600 Rue Fullum, Montr\u00e9al, QC H2K 3L6<\/b><\/p>\n<p>Les coupures du gouvernement feront en sorte que pr\u00e8s d\u2019un milliard de dollars seront ray\u00e9s des budgets de nos \u00e9coles et de nos centres de formation.<\/p>\n<ul>\n<li>Moins de TES, moins d\u2019orthop\u00e9dagogues, moins de classes sp\u00e9cialis\u00e9es, moins de soutien, et surtout, moins de services aux \u00e9l\u00e8ves!<\/li>\n<li>On r\u00e9duit l\u2019\u00e9cole \u00e0 4 murs, pendant qu\u2019on gaspille des milliards dans des projets pharaoniques comme Northvolt, SAAQclic ou une eni\u00e8me \u00e9tude sur un hypoth\u00e9tique troisi\u00e8me lien!<\/li>\n<li>Amenez vos casseroles, tambours, sifflets, maracas, trompettes, cuill\u00e8res\u2026 Peu importe, tant que \u00e7a fait du bruit!<\/li>\n<li>Nous allons nous rassembler devant le minist\u00e8re de l\u2019\u00c9ducation pour rappeler une chose essentielle : L\u2019\u00c9ducation n\u2019est pas une d\u00e9pense. C\u2019est un investissement. Nous voulons un investissement massif en \u00e9ducation, pas des coupures!<\/li>\n<\/ul>\n<p>ENSEMBLE, FAISONS-NOUS ENTENDRE.<\/p>\n<p>INVITEZ vos amis, vos voisins, votre famille. Partagez l\u2019\u00e9v\u00e9nement. Plus nous serons nombreux, plus ils nous entendront et plus l\u2019\u00e9ducation sera incontournable pour nos politiciens!<\/p>\n<p>Parce que les \u00e9l\u00e8ves du Qu\u00e9bec m\u00e9ritent mieux!<\/p>\n","protected":false},"excerpt":{"rendered":"<p>Nous allons nous rassembler devant le minist\u00e8re de l\u2019\u00c9ducation pour rappeler une chose essentielle : L\u2019\u00c9ducation n\u2019est pas une d\u00e9pense. C\u2019est un investissement. Nous voulons un investissement massif en \u00e9ducation, pas des coupures!<\/p>\n","protected":false},"author":20,"featured_media":14447,"template":"","meta":{"ngg_post_thumbnail":0,"_tribe_events_status":"","_tribe_events_status_reason":"","footnotes":""},"tags":[],"tribe_events_cat":[569],"class_list":["post-14444","tribe_events","type-tribe_events","status-publish","has-post-thumbnail","hentry","tribe_events_cat-mob","cat_mob"],"_links":{"self":[{"href":"https:\/\/appa.qc.ca\/cssdm\/wp-json\/wp\/v2\/tribe_events\/14444","targetHints":{"allow":["GET"]}}],"collection":[{"href":"https:\/\/appa.qc.ca\/cssdm\/wp-json\/wp\/v2\/tribe_events"}],"about":[{"href":"https:\/\/appa.qc.ca\/cssdm\/wp-json\/wp\/v2\/types\/tribe_events"}],"author":[{"embeddable":true,"href":"https:\/\/appa.qc.ca\/cssdm\/wp-json\/wp\/v2\/users\/20"}],"version-history":[{"count":2,"href":"https:\/\/appa.qc.ca\/cssdm\/wp-json\/wp\/v2\/tribe_events\/14444\/revisions"}],"predecessor-version":[{"id":14449,"href":"https:\/\/appa.qc.ca\/cssdm\/wp-json\/wp\/v2\/tribe_events\/14444\/revisions\/14449"}],"wp:featuredmedia":[{"embeddable":true,"href":"https:\/\/appa.qc.ca\/cssdm\/wp-json\/wp\/v2\/media\/14447"}],"wp:attachment":[{"href":"https:\/\/appa.qc.ca\/cssdm\/wp-json\/wp\/v2\/media?parent=14444"}],"wp:term":[{"taxonomy":"post_tag","embeddable":true,"href":"https:\/\/appa.qc.ca\/cssdm\/wp-json\/wp\/v2\/tags?post=14444"},{"taxonomy":"tribe_events_cat","embeddable":true,"href":"https:\/\/appa.qc.ca\/cssdm\/wp-json\/wp\/v2\/tribe_events_cat?post=14444"}],"curies":[{"name":"wp","href":"https:\/\/api.w.org\/{rel}","templated":true}]}}

Rassemblement citoyen : Du bruit pour l’école!

<p><b>Quand&nbsp;: Dimanche 7 septembre 2025 dès 13h00</b></p>
<p><b>Où&nbsp;: 600 Rue Fullum, Montréal, QC H2K 3L6</b></p>
<p>Les coupures du gouvernement feront en sorte que près d’un milliard de dollars seront rayés des budgets de nos écoles et de nos centres de formation.</p>
<ul>
<li>Moins de TES, moins d’orthopédagogues, moins de classes spécialisées, moins de soutien, et surtout, moins de services aux élèves!</li>
<li>On réduit l’école à 4 murs, pendant qu’on gaspille des milliards dans des projets pharaoniques comme Northvolt, SAAQclic ou une enième étude sur un hypothétique troisième lien!</li>
<li>Amenez vos casseroles, tambours, sifflets, maracas, trompettes, cuillères… Peu importe, tant que ça fait du bruit!</li>
<li>Nous allons nous rassembler devant le ministère de l’Éducation pour rappeler une chose essentielle : L’Éducation n’est pas une dépense. C’est un investissement. Nous voulons un investissement massif en éducation, pas des coupures!</li>
</ul>
<p>ENSEMBLE, FAISONS-NOUS ENTENDRE.</p>
<p>INVITEZ vos amis, vos voisins, votre famille. Partagez l’événement. Plus nous serons nombreux, plus ils nous entendront et plus l’éducation sera incontournable pour nos politiciens!</p>
<p>Parce que les élèves du Québec méritent mieux!</p>

<p>Nous allons nous rassembler devant le ministère de l’Éducation pour rappeler une chose essentielle : L’Éducation n’est pas une dépense. C’est un investissement. Nous voulons un investissement massif en éducation, pas des coupures!</p>
